CRAN Package Check Results for Package rts

Last updated on 2021-05-06 22:55:34 CEST.

Flavor Version Tinstall Tcheck Ttotal Status Flags
r-devel-linux-x86_64-debian-clang 1.0-49 15.52 91.22 106.74 OK
r-devel-linux-x86_64-debian-gcc 1.0-49 14.83 69.67 84.50 OK
r-devel-linux-x86_64-fedora-clang 1.0-49 140.23 OK
r-devel-linux-x86_64-fedora-gcc 1.0-49 132.58 OK
r-devel-windows-ix86+x86_64 1.0-49 29.00 6.00 35.00 ERROR
r-devel-windows-x86_64-gcc10-UCRT 1.0-49 OK
r-patched-linux-x86_64 1.0-49 19.54 88.60 108.14 OK
r-patched-solaris-x86 1.0-49 185.90 OK
r-release-linux-x86_64 1.0-49 14.06 86.63 100.69 OK
r-release-macos-x86_64 1.0-49 OK
r-release-windows-ix86+x86_64 1.0-49 25.00 84.00 109.00 OK
r-oldrel-macos-x86_64 1.0-49 OK
r-oldrel-windows-ix86+x86_64 1.0-49 30.00 81.00 111.00 OK

Check Details

Version: 1.0-49
Check: whether package can be installed
Result: ERROR
    Installation failed.
Flavor: r-devel-windows-ix86+x86_64