Last updated on 2024-03-27 22:57:58 CET.
Flavor | Version | Tinstall | Tcheck | Ttotal | Status | Flags |
---|---|---|---|---|---|---|
r-devel-linux-x86_64-debian-clang | 1.1-14 | 46.33 | 319.76 | 366.09 | NOTE | |
r-devel-linux-x86_64-debian-gcc | 1.1-14 | 34.09 | 229.00 | 263.09 | NOTE | |
r-devel-linux-x86_64-fedora-clang | 1.1-14 | 431.36 | NOTE | |||
r-devel-linux-x86_64-fedora-gcc | 1.1-14 | 432.58 | NOTE | |||
r-devel-windows-x86_64 | 1.1-14 | 32.00 | 191.00 | 223.00 | NOTE | |
r-patched-linux-x86_64 | 1.1-14 | 46.87 | 296.99 | 343.86 | OK | |
r-release-linux-x86_64 | 1.1-14 | 38.79 | 296.33 | 335.12 | OK | |
r-release-macos-arm64 | 1.1-14 | 106.00 | OK | |||
r-release-macos-x86_64 | 1.1-14 | 306.00 | OK | |||
r-release-windows-x86_64 | 1.1-14 | 49.00 | 262.00 | 311.00 | OK | |
r-oldrel-macos-arm64 | 1.1-14 | 90.00 | OK | |||
r-oldrel-windows-x86_64 | 1.1-14 | 49.00 | 245.00 | 294.00 | OK |
Version: 1.1-14
Check: Rd files
Result: NOTE
checkRd: (-1) rts.Rd:32: Lost braces
32 | If a name of a raster time series file is provided for the \code{x} argument, it acts the same as code{\link[rts]{read.rts}}.
| ^
Flavors: r-devel-linux-x86_64-debian-clang, r-devel-linux-x86_64-debian-gcc, r-devel-linux-x86_64-fedora-clang, r-devel-linux-x86_64-fedora-gcc, r-devel-windows-x86_64
Version: 1.1-14
Check: Rd cross-references
Result: NOTE
Undeclared package ‘sp’ in Rd xrefs
Flavor: r-devel-linux-x86_64-fedora-clang