CRAN Package Check Results for Package rtsdata

Last updated on 2019-09-22 22:46:58 CEST.

Flavor Version Tinstall Tcheck Ttotal Status Flags
r-devel-linux-x86_64-debian-clang 0.1.1 2.62 24.18 26.80 OK
r-devel-linux-x86_64-debian-gcc 0.1.1 2.19 19.74 21.93 OK
r-devel-linux-x86_64-fedora-clang 0.1.1 34.49 NOTE
r-devel-linux-x86_64-fedora-gcc 0.1.1 32.73 NOTE
r-devel-windows-ix86+x86_64 0.1.1 17.00 54.00 71.00 OK
r-patched-linux-x86_64 0.1.1 2.07 24.52 26.59 OK
r-patched-solaris-x86 0.1.1 51.00 NOTE
r-release-linux-x86_64 0.1.1 2.49 24.46 26.95 OK
r-release-windows-ix86+x86_64 0.1.1 10.00 50.00 60.00 OK
r-release-osx-x86_64 0.1.1 OK
r-oldrel-windows-ix86+x86_64 0.1.1 3.00 36.00 39.00 OK
r-oldrel-osx-x86_64 0.1.1 NOTE

Check Details

Version: 0.1.1
Check: package dependencies
Result: NOTE
    Package suggested but not available for checking: ‘RQuantLib’
Flavors: r-devel-linux-x86_64-fedora-clang, r-devel-linux-x86_64-fedora-gcc, r-patched-solaris-x86, r-oldrel-osx-x86_64