CRAN Package Check Results for Package rtsdata

Last updated on 2020-02-21 22:51:21 CET.

Flavor Version Tinstall Tcheck Ttotal Status Flags
r-devel-linux-x86_64-debian-clang 0.1.2 3.42 27.08 30.50 OK
r-devel-linux-x86_64-debian-gcc 0.1.2 2.36 21.25 23.61 OK
r-devel-linux-x86_64-fedora-clang 0.1.2 38.06 NOTE
r-devel-linux-x86_64-fedora-gcc 0.1.2 36.62 NOTE
r-devel-windows-ix86+x86_64 0.1.2 7.00 40.00 47.00 OK
r-devel-windows-ix86+x86_64-gcc8 0.1.2 11.00 42.00 53.00 OK
r-patched-linux-x86_64 0.1.2 OK
r-patched-solaris-x86 0.1.2 50.60 NOTE
r-release-linux-x86_64 0.1.2 2.67 25.16 27.83 OK
r-release-windows-ix86+x86_64 0.1.2 7.00 38.00 45.00 OK
r-release-osx-x86_64 0.1.2 OK
r-oldrel-windows-ix86+x86_64 0.1.2 5.00 37.00 42.00 OK
r-oldrel-osx-x86_64 0.1.2 OK

Check Details

Version: 0.1.2
Check: package dependencies
Result: NOTE
    Package suggested but not available for checking: ‘RQuantLib’
Flavors: r-devel-linux-x86_64-fedora-clang, r-devel-linux-x86_64-fedora-gcc, r-patched-solaris-x86