CRAN Package Check Results for Package rugarch

Last updated on 2021-09-20 01:49:05 CEST.

Flavor Version Tinstall Tcheck Ttotal Status Flags
r-devel-linux-x86_64-debian-clang 1.4-4 99.40 346.20 445.60 OK
r-devel-linux-x86_64-debian-gcc 1.4-4 84.09 249.13 333.22 OK
r-devel-linux-x86_64-fedora-clang 1.4-4 543.49 NOTE
r-devel-linux-x86_64-fedora-gcc 1.4-4 534.33 OK
r-devel-windows-x86_64 1.4-4 101.00 284.00 385.00 NOTE
r-devel-windows-x86_64-gcc10-UCRT 1.4-4 ERROR
r-patched-linux-x86_64 1.4-4 89.26 332.32 421.58 OK
r-patched-solaris-x86 1.4-4 570.50 NOTE
r-release-linux-x86_64 1.4-4 84.67 331.93 416.60 OK
r-release-macos-arm64 1.4-4 NOTE
r-release-macos-x86_64 1.4-4 NOTE
r-release-windows-ix86+x86_64 1.4-4 183.00 313.00 496.00 NOTE
r-oldrel-macos-x86_64 1.4-4 NOTE
r-oldrel-windows-ix86+x86_64 1.4-4 180.00 317.00 497.00 NOTE

Check Details

Version: 1.4-4
Check: installed package size
Result: NOTE
     installed size is 7.4Mb
     sub-directories of 1Mb or more:
     R 3.0Mb
     libs 2.1Mb
Flavors: r-devel-linux-x86_64-fedora-clang, r-devel-windows-x86_64, r-patched-solaris-x86, r-release-macos-arm64, r-release-macos-x86_64, r-release-windows-ix86+x86_64, r-oldrel-macos-x86_64, r-oldrel-windows-ix86+x86_64

Version: 1.4-4
Check: whether package can be installed
Result: ERROR
    Installation failed.
Flavor: r-devel-windows-x86_64-gcc10-UCRT