CRAN Package Check Results for Package ruimtehol

Last updated on 2020-02-17 22:49:47 CET.

Flavor Version Tinstall Tcheck Ttotal Status Flags
r-devel-linux-x86_64-debian-clang 0.2.3 275.74 440.40 716.14 OK
r-devel-linux-x86_64-debian-gcc 0.2.3 178.01 368.41 546.42 OK
r-devel-linux-x86_64-fedora-clang 0.2.3 875.63 NOTE
r-devel-linux-x86_64-fedora-gcc 0.2.3 973.83 OK
r-devel-windows-ix86+x86_64 0.2.3 507.00 397.00 904.00 NOTE
r-devel-windows-ix86+x86_64-gcc8 0.2.3 728.00 412.00 1140.00 NOTE
r-patched-linux-x86_64 0.2.3 209.58 480.21 689.79 OK
r-patched-solaris-x86 0.2.3 1606.50 NOTE
r-release-linux-x86_64 0.2.3 199.75 477.34 677.09 OK
r-release-windows-ix86+x86_64 0.2.3 534.00 385.00 919.00 NOTE
r-release-osx-x86_64 0.2.3 NOTE
r-oldrel-windows-ix86+x86_64 0.2.3 501.00 488.00 989.00 NOTE
r-oldrel-osx-x86_64 0.2.3 NOTE

Check Details

Version: 0.2.3
Check: installed package size
Result: NOTE
     installed size is 11.4Mb
     sub-directories of 1Mb or more:
     data 3.8Mb
     libs 7.0Mb
Flavors: r-devel-linux-x86_64-fedora-clang, r-devel-windows-ix86+x86_64, r-devel-windows-ix86+x86_64-gcc8, r-patched-solaris-x86, r-release-windows-ix86+x86_64, r-release-osx-x86_64, r-oldrel-windows-ix86+x86_64, r-oldrel-osx-x86_64