CRAN Package Check Results for Package ruimtehol

Last updated on 2019-09-17 22:48:18 CEST.

Flavor Version Tinstall Tcheck Ttotal Status Flags
r-devel-linux-x86_64-debian-clang 0.2.1 236.24 423.50 659.74 OK
r-devel-linux-x86_64-debian-gcc 0.2.1 184.32 373.80 558.12 OK
r-devel-linux-x86_64-fedora-clang 0.2.1 826.10 NOTE
r-devel-linux-x86_64-fedora-gcc 0.2.1 949.50 OK
r-devel-windows-ix86+x86_64 0.2.1 670.00 407.00 1077.00 NOTE
r-patched-linux-x86_64 0.2.1 200.47 491.47 691.94 OK
r-patched-solaris-x86 0.2.1 1611.20 NOTE
r-release-linux-x86_64 0.2.1 202.83 492.08 694.91 OK
r-release-windows-ix86+x86_64 0.2.1 464.00 393.00 857.00 NOTE
r-release-osx-x86_64 0.2.1 NOTE
r-oldrel-windows-ix86+x86_64 0.2.1 669.00 406.00 1075.00 NOTE
r-oldrel-osx-x86_64 0.2.1 NOTE

Check Details

Version: 0.2.1
Check: installed package size
Result: NOTE
     installed size is 11.4Mb
     sub-directories of 1Mb or more:
     data 3.8Mb
     libs 7.0Mb
Flavors: r-devel-linux-x86_64-fedora-clang, r-devel-windows-ix86+x86_64, r-patched-solaris-x86, r-release-windows-ix86+x86_64, r-release-osx-x86_64, r-oldrel-windows-ix86+x86_64, r-oldrel-osx-x86_64

Version: 0.2.1
Check: examples
Result: FAIL
    
Flavors: r-release-osx-x86_64, r-oldrel-osx-x86_64