CRAN Package Check Results for Package runner

Last updated on 2020-01-17 22:51:05 CET.

Flavor Version Tinstall Tcheck Ttotal Status Flags
r-devel-linux-x86_64-debian-clang 0.3.1 69.81 41.35 111.16 OK
r-devel-linux-x86_64-debian-gcc 0.3.1 69.77 32.20 101.97 OK
r-devel-linux-x86_64-fedora-clang 0.3.1 168.09 NOTE
r-devel-linux-x86_64-fedora-gcc 0.3.1 195.19 OK
r-devel-windows-ix86+x86_64 0.3.1 216.00 116.00 332.00 OK
r-devel-windows-ix86+x86_64-gcc8 0.3.0 158.00 110.00 268.00 OK
r-patched-linux-x86_64 0.3.1 72.10 37.96 110.06 OK
r-patched-solaris-x86 0.3.1 160.20 OK
r-release-linux-x86_64 0.3.1 68.91 37.78 106.69 OK
r-release-windows-ix86+x86_64 0.3.1 207.00 99.00 306.00 OK
r-release-osx-x86_64 0.3.1 NOTE
r-oldrel-windows-ix86+x86_64 0.3.0 196.00 75.00 271.00 ERROR
r-oldrel-osx-x86_64 0.3.1 NOTE

Check Details

Version: 0.3.1
Check: installed package size
Result: NOTE
     installed size is 6.3Mb
     sub-directories of 1Mb or more:
     libs 5.5Mb
Flavors: r-devel-linux-x86_64-fedora-clang, r-release-osx-x86_64, r-oldrel-osx-x86_64

Version: 0.3.0
Check: running tests for arch ‘i386’
Result: ERROR
     Running 'spelling.R' [0s]
     Running 'testthat.R' [5s]
    Running the tests in 'tests/testthat.R' failed.
    Complete output:
     > library(testthat)
     > library(runner)
     >
     > test_check("runner")
     -- 1. Failure: various (@test_runner.R#158) -----------------------------------
     runner(x1, k = k, lag = lag, f = mean) not equal to sapply(window_run(x1, k = k, lag = lag), mean).
     1/100 mismatches
     [97] 0.191 - 0.195 == -0.00379
    
     == testthat results ===========================================================
     [ OK: 581 | SKIPPED: 0 | WARNINGS: 0 | FAILED: 1 ]
     1. Failure: various (@test_runner.R#158)
    
     Error: testthat unit tests failed
     Execution halted
Flavor: r-oldrel-windows-ix86+x86_64

Version: 0.3.0
Check: running tests for arch ‘x64’
Result: ERROR
     Running 'spelling.R' [0s]
     Running 'testthat.R' [6s]
    Running the tests in 'tests/testthat.R' failed.
    Complete output:
     > library(testthat)
     > library(runner)
     >
     > test_check("runner")
     -- 1. Failure: various (@test_runner.R#158) -----------------------------------
     runner(x1, k = k, lag = lag, f = mean) not equal to sapply(window_run(x1, k = k, lag = lag), mean).
     1/100 mismatches
     [97] 0.191 - 0.195 == -0.00379
    
     == testthat results ===========================================================
     [ OK: 581 | SKIPPED: 0 | WARNINGS: 0 | FAILED: 1 ]
     1. Failure: various (@test_runner.R#158)
    
     Error: testthat unit tests failed
     Execution halted
Flavor: r-oldrel-windows-ix86+x86_64