Last updated on 2024-04-24 23:00:33 CEST.
Flavor | Version | Tinstall | Tcheck | Ttotal | Status | Flags |
---|---|---|---|---|---|---|
r-devel-linux-x86_64-debian-clang | 1.11 | 36.51 | 322.81 | 359.32 | NOTE | |
r-devel-linux-x86_64-debian-gcc | 1.11 | 26.84 | 222.66 | 249.50 | NOTE | |
r-devel-linux-x86_64-fedora-clang | 1.11 | 428.67 | NOTE | |||
r-devel-linux-x86_64-fedora-gcc | 1.11 | 416.07 | NOTE | |||
r-devel-windows-x86_64 | 1.11 | 25.00 | 185.00 | 210.00 | NOTE | |
r-patched-linux-x86_64 | 1.11 | 32.63 | 296.42 | 329.05 | NOTE | |
r-release-linux-x86_64 | 1.11 | 26.62 | 295.68 | 322.30 | OK | |
r-release-macos-arm64 | 1.11 | 100.00 | OK | |||
r-release-windows-x86_64 | 1.11 | 25.00 | 183.00 | 208.00 | NOTE | |
r-oldrel-macos-arm64 | 1.11 | 76.00 | OK | |||
r-oldrel-macos-x86_64 | 1.11 | 184.00 | OK | |||
r-oldrel-windows-x86_64 | 1.11 | 36.00 | 249.00 | 285.00 | OK |
Version: 1.11
Check: Rd files
Result: NOTE
checkRd: (-1) dGenWish.Rd:48: Lost braces
48 | -df/2*log|L(2*Sigma)L'| -1/2*tr{ (L(2*Sigma)L')^-1 L(-D)L' }
| ^
checkRd: (-1) get.Q.Rd:9: Lost braces
9 | equal to exp{b1*x_1ij + ... + bp*x_pij}, where beta=(b1,b2,...,bp) is
| ^
checkRd: (-1) get.Q.Rd:10: Lost braces; missing escapes or markup?
10 | a vector of log-conductance values of the covariates {x_kij}. Each
| ^
checkRd: (-1) mcmc.wish.icar.Rd:73: Lost braces; missing escapes or markup?
73 | a vector of log-conductance values of the covariates {x_kij}. Each
| ^
Flavors: r-devel-linux-x86_64-debian-clang, r-devel-linux-x86_64-debian-gcc, r-devel-linux-x86_64-fedora-clang, r-devel-linux-x86_64-fedora-gcc, r-devel-windows-x86_64, r-patched-linux-x86_64, r-release-windows-x86_64