CRAN Package Check Results for Package rworldmap

Last updated on 2021-06-12 22:55:20 CEST.

Flavor Version Tinstall Tcheck Ttotal Status Flags
r-devel-linux-x86_64-debian-clang 1.3-6 9.88 137.08 146.96 OK
r-devel-linux-x86_64-debian-gcc 1.3-6 8.64 104.17 112.81 OK
r-devel-linux-x86_64-fedora-clang 1.3-6 183.37 OK
r-devel-linux-x86_64-fedora-gcc 1.3-6 172.99 OK
r-devel-windows-x86_64 1.3-6 22.00 230.00 252.00 OK
r-devel-windows-x86_64-gcc10-UCRT 1.3-6 OK
r-patched-linux-x86_64 1.3-6 10.31 129.08 139.39 OK
r-patched-solaris-x86 1.3-6 238.80 OK
r-release-linux-x86_64 1.3-6 9.22 130.55 139.77 OK
r-release-macos-arm64 1.3-6 WARN
r-release-macos-x86_64 1.3-6 OK
r-release-windows-ix86+x86_64 1.3-6 40.00 234.00 274.00 OK
r-oldrel-macos-x86_64 1.3-6 OK
r-oldrel-windows-ix86+x86_64 1.3-6 35.00 225.00 260.00 OK

Check Details

Version: 1.3-6
Check: package dependencies
Result: NOTE
    Package suggested but not available for checking: ‘rgdal’
Flavor: r-release-macos-arm64

Version: 1.3-6
Check: running R code from vignettes
Result: WARN
    Errors in running code in vignettes:
    when running code in ‘rworldmapFAQ.Rnw’
     ...
    > mtext("Source: Andy South, The R Journal Vol. 3/1, June 2011",
    + side = 1, line = -1)
    
    > par(mai = c(0, 0, 0.2, 0), xaxs = "i", yaxs = "i")
    
    > library(rgdal)
    
     When sourcing ‘rworldmapFAQ.R’:
    Error: there is no package called ‘rgdal’
    Execution halted
    
     ‘rworldmap.rnw’... [2s/2s] OK
     ‘rworldmapFAQ.Rnw’... failed
Flavor: r-release-macos-arm64

Version: 1.3-6
Check: re-building of vignette outputs
Result: NOTE
    Error(s) in re-building vignettes:
    --- re-building ‘rworldmap.rnw’ using Sweave
    Loading required package: sp
    ### Welcome to rworldmap ###
    For a short introduction type : vignette('rworldmap')
    149 codes from your data successfully matched countries in the map
    0 codes from your data failed to match with a country code in the map
    94 codes from the map weren't represented in your data
    186 codes from your data successfully matched countries in the map
    0 codes from your data failed to match with a country code in the map
    50 codes from the map weren't represented in your data
    You asked for 7 quantiles, only 5 could be created in quantiles classification
    149 codes from your data successfully matched countries in the map
    0 codes from your data failed to match with a country code in the map
    94 codes from the map weren't represented in your data
    You asked for 7 quantiles, only 5 could be created in quantiles classification
    149 codes from your data successfully matched countries in the map
    0 codes from your data failed to match with a country code in the map
    94 codes from the map weren't represented in your data
    Warning in classInt::classIntervals(sPDF[["EPI"]], n = 5, style = "jenks") :
     var has missing values, omitted in finding classes
    149 codes from your data successfully matched countries in the map
    0 codes from your data failed to match with a country code in the map
    94 codes from the map weren't represented in your data
    Warning in classInt::classIntervals(sPDF[["EPI"]], n = 5, style = "jenks") :
     var has missing values, omitted in finding classes
    --- finished re-building ‘rworldmap.rnw’
    
    --- re-building ‘rworldmapFAQ.Rnw’ using Sweave
    Loading required package: rworldmap
    Loading required package: sp
    ### Welcome to rworldmap ###
    For a short introduction type : vignette('rworldmap')
    186 codes from your data successfully matched countries in the map
    0 codes from your data failed to match with a country code in the map
    50 codes from the map weren't represented in your data
    You asked for 7 quantiles, only 5 could be created in quantiles classification
    149 codes from your data successfully matched countries in the map
    0 codes from your data failed to match with a country code in the map
    94 codes from the map weren't represented in your data
    You asked for 7 quantiles, only 5 could be created in quantiles classification
    149 codes from your data successfully matched countries in the map
    0 codes from your data failed to match with a country code in the map
    94 codes from the map weren't represented in your data
    using catMethod='categorical' for non numeric data in mapCountryData
    using catMethod='categorical' for non numeric data in mapCountryData
    
    Error: processing vignette 'rworldmapFAQ.Rnw' failed with diagnostics:
     chunk 17 (label = projection)
    Error in library(rgdal) : there is no package called ‘rgdal’
    
    --- failed re-building ‘rworldmapFAQ.Rnw’
    
    SUMMARY: processing the following file failed:
     ‘rworldmapFAQ.Rnw’
    
    Error: Vignette re-building failed.
    Execution halted
Flavor: r-release-macos-arm64