Last updated on 2023-11-27 23:11:51 CET.
Flavor | Version | Tinstall | Tcheck | Ttotal | Status | Flags |
---|---|---|---|---|---|---|
r-devel-linux-x86_64-debian-clang | 1.3-8 | 36.81 | 392.22 | 429.03 | OK | |
r-devel-linux-x86_64-debian-gcc | 1.3-8 | 28.23 | 308.57 | 336.80 | OK | |
r-devel-linux-x86_64-fedora-clang | 1.3-8 | 534.60 | NOTE | |||
r-devel-linux-x86_64-fedora-gcc | 1.3-8 | 528.05 | OK | |||
r-devel-windows-x86_64 | 1.3-8 | 26.00 | 284.00 | 310.00 | NOTE | |
r-patched-linux-x86_64 | 1.3-8 | 36.91 | 370.95 | 407.86 | OK | |
r-release-linux-x86_64 | 1.3-8 | 31.56 | 373.89 | 405.45 | OK | |
r-release-macos-arm64 | 1.3-8 | 151.00 | NOTE | |||
r-release-macos-x86_64 | 1.3-8 | 414.00 | NOTE | |||
r-release-windows-x86_64 | 1.3-8 | 37.00 | 364.00 | 401.00 | NOTE | |
r-oldrel-macos-arm64 | 1.3-8 | 122.00 | NOTE | |||
r-oldrel-macos-x86_64 | 1.3-8 | 188.00 | NOTE | |||
r-oldrel-windows-x86_64 | 1.3-8 | 36.00 | 339.00 | 375.00 | NOTE |
Version: 1.3-8
Check: installed package size
Result: NOTE
installed size is 6.3Mb
sub-directories of 1Mb or more:
data 2.1Mb
doc 3.9Mb
Flavors: r-devel-linux-x86_64-fedora-clang, r-devel-windows-x86_64, r-release-macos-arm64, r-release-macos-x86_64, r-release-windows-x86_64, r-oldrel-macos-arm64, r-oldrel-macos-x86_64, r-oldrel-windows-x86_64