CRAN Package Check Results for Package rworldxtra

Last updated on 2021-05-16 22:50:06 CEST.

Flavor Version Tinstall Tcheck Ttotal Status Flags
r-devel-linux-x86_64-debian-clang 1.01 2.46 21.98 24.44 NOTE
r-devel-linux-x86_64-debian-gcc 1.01 2.02 17.70 19.72 NOTE
r-devel-linux-x86_64-fedora-clang 1.01 38.67 NOTE
r-devel-linux-x86_64-fedora-gcc 1.01 29.13 NOTE
r-devel-windows-ix86+x86_64 1.01 8.00 30.00 38.00 NOTE
r-devel-windows-x86_64-gcc10-UCRT 1.01 NOTE
r-patched-linux-x86_64 1.01 2.33 22.11 24.44 NOTE
r-patched-solaris-x86 1.01 46.00 NOTE
r-release-linux-x86_64 1.01 2.45 22.13 24.58 NOTE
r-release-macos-x86_64 1.01 NOTE
r-release-windows-ix86+x86_64 1.01 5.00 28.00 33.00 NOTE
r-oldrel-macos-x86_64 1.01 NOTE
r-oldrel-windows-ix86+x86_64 1.01 4.00 35.00 39.00 NOTE

Check Details

Version: 1.01
Check: DESCRIPTION meta-information
Result: NOTE
    Malformed Title field: should not end in a period.
Flavors: r-devel-linux-x86_64-debian-clang, r-devel-linux-x86_64-debian-gcc, r-devel-linux-x86_64-fedora-clang, r-devel-linux-x86_64-fedora-gcc, r-devel-windows-ix86+x86_64, r-devel-windows-x86_64-gcc10-UCRT, r-patched-linux-x86_64, r-patched-solaris-x86, r-release-linux-x86_64, r-release-macos-x86_64, r-release-windows-ix86+x86_64, r-oldrel-macos-x86_64, r-oldrel-windows-ix86+x86_64

Version: 1.01
Check: installed package size
Result: NOTE
     installed size is 5.1Mb
     sub-directories of 1Mb or more:
     data 5.0Mb
Flavors: r-devel-linux-x86_64-fedora-clang, r-devel-windows-ix86+x86_64, r-patched-solaris-x86, r-release-macos-x86_64, r-release-windows-ix86+x86_64, r-oldrel-macos-x86_64, r-oldrel-windows-ix86+x86_64