CRAN Package Check Results for Package rwunderground

Last updated on 2024-03-01 22:53:48 CET.

Flavor Version Tinstall Tcheck Ttotal Status Flags
r-devel-linux-x86_64-debian-clang 0.1.8 2.58 32.81 35.39 NOTE
r-devel-linux-x86_64-debian-gcc 0.1.8 3.07 25.83 28.90 NOTE
r-devel-linux-x86_64-fedora-clang 0.1.8 46.37 NOTE
r-devel-linux-x86_64-fedora-gcc 0.1.8 44.63 NOTE
r-devel-windows-x86_64 0.1.8 4.00 57.00 61.00 NOTE
r-patched-linux-x86_64 0.1.8 4.34 33.59 37.93 NOTE
r-release-linux-x86_64 0.1.8 3.95 33.10 37.05 NOTE
r-release-macos-arm64 0.1.8 19.00 NOTE
r-release-macos-x86_64 0.1.8 26.00 NOTE
r-release-windows-x86_64 0.1.8 6.00 59.00 65.00 NOTE
r-oldrel-macos-arm64 0.1.8 19.00 NOTE
r-oldrel-windows-x86_64 0.1.8 6.00 57.00 63.00 NOTE

Check Details

Version: 0.1.8
Check: LazyData
Result: NOTE 'LazyData' is specified without a 'data' directory Flavors: r-devel-linux-x86_64-debian-clang, r-devel-linux-x86_64-debian-gcc, r-devel-linux-x86_64-fedora-clang, r-devel-linux-x86_64-fedora-gcc, r-devel-windows-x86_64, r-patched-linux-x86_64, r-release-linux-x86_64, r-release-macos-arm64, r-release-macos-x86_64, r-release-windows-x86_64, r-oldrel-macos-arm64, r-oldrel-windows-x86_64