Last updated on 2024-04-18 22:52:58 CEST.
Flavor | Version | Tinstall | Tcheck | Ttotal | Status | Flags |
---|---|---|---|---|---|---|
r-devel-linux-x86_64-debian-clang | 2.0.11 | 575.13 | 33.77 | 608.90 | OK | |
r-devel-linux-x86_64-debian-gcc | 2.0.11 | 544.74 | 25.95 | 570.69 | OK | |
r-devel-linux-x86_64-fedora-clang | 2.0.11 | 965.28 | OK | |||
r-devel-linux-x86_64-fedora-gcc | 2.0.11 | 1116.86 | OK | |||
r-prerel-macos-arm64 | 2.0.11 | 169.00 | NOTE | |||
r-prerel-windows-x86_64 | 2.0.11 | 551.00 | 95.00 | 646.00 | OK | |
r-patched-linux-x86_64 | 2.0.11 | 669.09 | 33.04 | 702.13 | OK | |
r-release-linux-x86_64 | 2.0.11 | 667.19 | 34.04 | 701.23 | OK | |
r-release-macos-arm64 | 2.0.11 | 194.00 | NOTE | |||
r-release-macos-x86_64 | 2.0.11 | 328.00 | NOTE | |||
r-release-windows-x86_64 | 2.0.11 | 711.00 | 112.00 | 823.00 | OK | |
r-oldrel-macos-arm64 | 2.0.11 | 171.00 | NOTE | |||
r-oldrel-windows-x86_64 | 2.0.11 | 715.00 | 97.00 | 812.00 | OK |
Version: 2.0.11
Check: installed package size
Result: NOTE
installed size is 14.4Mb
sub-directories of 1Mb or more:
libs 14.3Mb
Flavors: r-prerel-macos-arm64, r-release-macos-arm64, r-release-macos-x86_64, r-oldrel-macos-arm64