Last updated on 2024-04-18 22:52:58 CEST.
Flavor | Version | Tinstall | Tcheck | Ttotal | Status | Flags |
---|---|---|---|---|---|---|
r-devel-linux-x86_64-debian-clang | 0.3.0 | 7.61 | 52.63 | 60.24 | OK | |
r-devel-linux-x86_64-debian-gcc | 0.3.0 | 5.36 | 39.11 | 44.47 | OK | |
r-devel-linux-x86_64-fedora-clang | 0.3.0 | 73.12 | NOTE | |||
r-devel-linux-x86_64-fedora-gcc | 0.3.0 | 71.17 | OK | |||
r-prerel-macos-arm64 | 0.3.0 | 28.00 | OK | |||
r-prerel-windows-x86_64 | 0.3.0 | 9.00 | 59.00 | 68.00 | OK | |
r-patched-linux-x86_64 | 0.3.0 | 6.03 | 49.67 | 55.70 | OK | |
r-release-linux-x86_64 | 0.3.0 | 4.30 | 50.52 | 54.82 | OK | |
r-release-macos-arm64 | 0.3.0 | 24.00 | OK | |||
r-release-macos-x86_64 | 0.3.0 | 39.00 | OK | |||
r-release-windows-x86_64 | 0.3.0 | 8.00 | 65.00 | 73.00 | OK | |
r-oldrel-macos-arm64 | 0.3.0 | 26.00 | OK | |||
r-oldrel-windows-x86_64 | 0.3.0 | 9.00 | 67.00 | 76.00 | OK |
Version: 0.3.0
Check: Rd cross-references
Result: NOTE
Undeclared package ‘jsonlite’ in Rd xrefs
Flavor: r-devel-linux-x86_64-fedora-clang