Last updated on 2023-10-01 23:03:57 CEST.
Flavor | Version | Tinstall | Tcheck | Ttotal | Status | Flags |
---|---|---|---|---|---|---|
r-devel-linux-x86_64-debian-clang | 0.3.0 | 7.22 | 53.23 | 60.45 | OK | |
r-devel-linux-x86_64-debian-gcc | 0.3.0 | 5.25 | 39.01 | 44.26 | OK | |
r-devel-linux-x86_64-fedora-clang | 0.3.0 | 73.94 | NOTE | |||
r-devel-linux-x86_64-fedora-gcc | 0.3.0 | 72.25 | OK | |||
r-devel-windows-x86_64 | 0.3.0 | 8.00 | 60.00 | 68.00 | OK | |
r-patched-linux-x86_64 | 0.3.0 | 4.26 | 48.45 | 52.71 | OK | |
r-release-linux-x86_64 | 0.3.0 | 4.16 | 49.38 | 53.54 | OK | |
r-release-macos-arm64 | 0.3.0 | 24.00 | OK | |||
r-release-macos-x86_64 | 0.3.0 | 39.00 | OK | |||
r-release-windows-x86_64 | 0.3.0 | 9.00 | 66.00 | 75.00 | OK | |
r-oldrel-macos-arm64 | 0.3.0 | 26.00 | OK | |||
r-oldrel-macos-x86_64 | 0.3.0 | 34.00 | OK | |||
r-oldrel-windows-x86_64 | 0.3.0 | 9.00 | 66.00 | 75.00 | OK |
Version: 0.3.0
Check: Rd cross-references
Result: NOTE
Undeclared package ‘jsonlite’ in Rd xrefs
Flavor: r-devel-linux-x86_64-fedora-clang