CRAN Package Check Results for Package rzeit2

Last updated on 2019-09-18 22:52:49 CEST.

Flavor Version Tinstall Tcheck Ttotal Status Flags
r-devel-linux-x86_64-debian-clang 0.2.3 2.78 34.50 37.28 OK
r-devel-linux-x86_64-debian-gcc 0.2.3 2.73 28.14 30.87 OK
r-devel-linux-x86_64-fedora-clang 0.2.3 46.14 NOTE
r-devel-linux-x86_64-fedora-gcc 0.2.3 45.68 NOTE
r-devel-windows-ix86+x86_64 0.2.3 15.00 78.00 93.00 OK
r-patched-linux-x86_64 0.2.3 2.89 34.65 37.54 OK
r-patched-solaris-x86 0.2.3 69.90 NOTE
r-release-linux-x86_64 0.2.3 2.99 34.37 37.36 OK
r-release-windows-ix86+x86_64 0.2.3 8.00 49.00 57.00 OK
r-release-osx-x86_64 0.2.3 NOTE
r-oldrel-windows-ix86+x86_64 0.2.3 6.00 49.00 55.00 OK
r-oldrel-osx-x86_64 0.2.3 NOTE

Check Details

Version: 0.2.3
Check: data for non-ASCII characters
Result: NOTE
     Note: found 841 marked UTF-8 strings
Flavors: r-devel-linux-x86_64-fedora-clang, r-devel-linux-x86_64-fedora-gcc, r-patched-solaris-x86, r-release-osx-x86_64, r-oldrel-osx-x86_64