CRAN Package Check Results for Package rzeit2

Last updated on 2020-02-24 22:50:37 CET.

Flavor Version Tinstall Tcheck Ttotal Status Flags
r-devel-linux-x86_64-debian-clang 0.2.3 3.08 37.34 40.42 OK
r-devel-linux-x86_64-debian-gcc 0.2.3 2.87 30.05 32.92 OK
r-devel-linux-x86_64-fedora-clang 0.2.3 51.82 NOTE
r-devel-linux-x86_64-fedora-gcc 0.2.3 48.71 NOTE
r-devel-windows-ix86+x86_64 0.2.3 10.00 53.00 63.00 OK
r-devel-windows-ix86+x86_64-gcc8 0.2.3 14.00 53.00 67.00 OK
r-patched-linux-x86_64 0.2.3 3.10 34.21 37.31 OK
r-patched-solaris-x86 0.2.3 86.20 NOTE
r-release-linux-x86_64 0.2.3 2.45 34.47 36.92 OK
r-release-windows-ix86+x86_64 0.2.3 7.00 47.00 54.00 OK
r-release-osx-x86_64 0.2.3 NOTE
r-oldrel-windows-ix86+x86_64 0.2.3 4.00 50.00 54.00 OK
r-oldrel-osx-x86_64 0.2.3 NOTE

Check Details

Version: 0.2.3
Check: data for non-ASCII characters
Result: NOTE
     Note: found 841 marked UTF-8 strings
Flavors: r-devel-linux-x86_64-fedora-clang, r-devel-linux-x86_64-fedora-gcc, r-patched-solaris-x86, r-release-osx-x86_64, r-oldrel-osx-x86_64