Last updated on 2023-11-27 23:11:51 CET.
Flavor | Version | Tinstall | Tcheck | Ttotal | Status | Flags |
---|---|---|---|---|---|---|
r-devel-linux-x86_64-debian-clang | 1.1.4 | 712.61 | 85.53 | 798.14 | NOTE | |
r-devel-linux-x86_64-debian-gcc | 1.1.4 | 544.83 | 58.73 | 603.56 | NOTE | |
r-devel-linux-x86_64-fedora-clang | 1.1.4 | 1379.60 | WARN | |||
r-devel-linux-x86_64-fedora-gcc | 1.1.4 | 1291.68 | NOTE | |||
r-devel-windows-x86_64 | 1.1.4 | 611.00 | 150.00 | 761.00 | NOTE | |
r-patched-linux-x86_64 | 1.1.4 | 641.53 | 72.25 | 713.78 | NOTE | |
r-release-linux-x86_64 | 1.1.4 | 661.29 | 72.24 | 733.53 | NOTE | |
r-release-macos-arm64 | 1.1.4 | 221.00 | NOTE | |||
r-release-macos-x86_64 | 1.1.4 | 178.00 | NOTE | |||
r-release-windows-x86_64 | 1.1.4 | 787.00 | 181.00 | 968.00 | NOTE | |
r-oldrel-macos-arm64 | 1.1.4 | 223.00 | NOTE | |||
r-oldrel-macos-x86_64 | 1.1.4 | 271.00 | NOTE | |||
r-oldrel-windows-x86_64 | 1.1.4 | 706.00 | 152.00 | 858.00 | NOTE |
Version: 1.1.4
Check: C++ specification
Result: NOTE
Specified C++11: please drop specification unless essential
Flavors: r-devel-linux-x86_64-debian-clang, r-devel-linux-x86_64-debian-gcc, r-devel-linux-x86_64-fedora-clang, r-devel-linux-x86_64-fedora-gcc, r-devel-windows-x86_64, r-patched-linux-x86_64, r-release-linux-x86_64, r-release-macos-arm64, r-release-macos-x86_64, r-release-windows-x86_64
Version: 1.1.4
Check: whether package can be installed
Result: WARN
Found the following significant warnings:
/data/gannet/ripley/R/test-clang/wk/include/wk-v1-impl.c:42:12: warning: format string is not a string literal (potentially insecure) [-Wformat-security]
See ‘/data/gannet/ripley/R/packages/tests-clang/s2.Rcheck/00install.out’ for details.
* used C compiler: ‘clang version 17.0.5’
* used C++ compiler: ‘clang version 17.0.5’
Flavor: r-devel-linux-x86_64-fedora-clang
Version: 1.1.4
Check: Rd cross-references
Result: NOTE
Undeclared package ‘sf’ in Rd xrefs
Flavor: r-devel-linux-x86_64-fedora-clang
Version: 1.1.4
Check: installed package size
Result: NOTE
installed size is 6.5Mb
sub-directories of 1Mb or more:
libs 5.4Mb
Flavors: r-devel-windows-x86_64, r-release-macos-arm64, r-release-macos-x86_64, r-release-windows-x86_64, r-oldrel-macos-arm64, r-oldrel-macos-x86_64, r-oldrel-windows-x86_64