CRAN Package Check Results for Package s2

Last updated on 2021-06-22 22:56:50 CEST.

Flavor Version Tinstall Tcheck Ttotal Status Flags
r-devel-linux-x86_64-debian-clang 1.0.6 516.81 48.26 565.07 OK
r-devel-linux-x86_64-debian-gcc 1.0.6 368.08 36.74 404.82 OK
r-devel-linux-x86_64-fedora-clang 1.0.6 828.85 NOTE
r-devel-linux-x86_64-fedora-gcc 1.0.6 772.11 OK
r-devel-windows-x86_64 1.0.6 601.00 85.00 686.00 NOTE
r-devel-windows-x86_64-gcc10-UCRT 1.0.6 WARN
r-patched-linux-x86_64 1.0.6 446.47 46.76 493.23 OK
r-patched-solaris-x86 1.0.6 554.50 NOTE
r-release-linux-x86_64 1.0.6 443.76 46.65 490.41 OK
r-release-macos-arm64 1.0.6 NOTE
r-release-macos-x86_64 1.0.6 NOTE
r-release-windows-ix86+x86_64 1.0.6 1109.00 165.00 1274.00 NOTE
r-oldrel-macos-x86_64 1.0.6 NOTE
r-oldrel-windows-ix86+x86_64 1.0.6 816.00 104.00 920.00 NOTE

Additional issues

gcc11

Check Details

Version: 1.0.6
Check: installed package size
Result: NOTE
     installed size is 34.5Mb
     sub-directories of 1Mb or more:
     include 2.5Mb
     libs 30.9Mb
Flavors: r-devel-linux-x86_64-fedora-clang, r-devel-windows-x86_64, r-patched-solaris-x86, r-release-macos-arm64, r-release-macos-x86_64, r-release-windows-ix86+x86_64, r-oldrel-macos-x86_64, r-oldrel-windows-ix86+x86_64

Version: 1.0.6
Check: whether package can be installed
Result: WARN
    Found the following significant warnings:
     WARNING: failed to apply patch patches/CRAN/s2.diff
Flavor: r-devel-windows-x86_64-gcc10-UCRT