CRAN Package Check Results for Package s2net

Last updated on 2021-08-04 22:55:32 CEST.

Flavor Version Tinstall Tcheck Ttotal Status Flags
r-devel-linux-x86_64-debian-clang 1.0.1 39.52 46.98 86.50 OK
r-devel-linux-x86_64-debian-gcc 1.0.1 30.86 35.34 66.20 OK
r-devel-linux-x86_64-fedora-clang 1.0.1 122.27 OK
r-devel-linux-x86_64-fedora-gcc 1.0.1 107.03 OK
r-devel-windows-x86_64 1.0.1 37.00 76.00 113.00 OK
r-devel-windows-x86_64-gcc10-UCRT 1.0.1 OK
r-patched-linux-x86_64 1.0.1 33.05 43.14 76.19 OK
r-patched-solaris-x86 1.0.1 125.20 OK
r-release-linux-x86_64 1.0.1 34.61 43.39 78.00 OK
r-release-macos-arm64 1.0.1 NOTE
r-release-macos-x86_64 1.0.1 OK
r-release-windows-ix86+x86_64 1.0.1 98.00 95.00 193.00 OK
r-oldrel-macos-x86_64 1.0.1 OK
r-oldrel-windows-ix86+x86_64 1.0.1 67.00 100.00 167.00 OK

Check Details

Version: 1.0.1
Check: installed package size
Result: NOTE
     installed size is 5.2Mb
     sub-directories of 1Mb or more:
     libs 4.8Mb
Flavor: r-release-macos-arm64