CRAN Package Check Results for Package sGMRFmix

Last updated on 2021-11-28 22:51:28 CET.

Flavor Version Tinstall Tcheck Ttotal Status Flags
r-devel-linux-x86_64-debian-clang 0.3.0 NOTE
r-devel-linux-x86_64-debian-gcc 0.3.0 4.65 400.03 404.68 NOTE
r-devel-linux-x86_64-fedora-clang 0.3.0 700.36 NOTE
r-devel-linux-x86_64-fedora-gcc 0.3.0 688.10 NOTE
r-devel-windows-x86_64-new-UL 0.3.0 14.00 581.00 595.00 NOTE
r-devel-windows-x86_64-new-TK 0.3.0 NOTE
r-devel-windows-x86_64-old 0.3.0 10.00 743.00 753.00 NOTE
r-patched-linux-x86_64 0.3.0 6.38 586.88 593.26 NOTE
r-patched-solaris-x86 0.3.0 144.40 NOTE
r-release-linux-x86_64 0.3.0 5.09 591.25 596.34 NOTE
r-release-macos-arm64 0.3.0 NOTE
r-release-macos-x86_64 0.3.0 NOTE
r-release-windows-ix86+x86_64 0.3.0 15.00 462.00 477.00 NOTE
r-oldrel-macos-x86_64 0.3.0 OK
r-oldrel-windows-ix86+x86_64 0.3.0 14.00 696.00 710.00 OK

Check Details

Version: 0.3.0
Check: LazyData
Result: NOTE
     'LazyData' is specified without a 'data' directory
Flavors: r-devel-linux-x86_64-debian-clang, r-devel-linux-x86_64-debian-gcc, r-devel-linux-x86_64-fedora-clang, r-devel-linux-x86_64-fedora-gcc, r-devel-windows-x86_64-new-UL, r-devel-windows-x86_64-new-TK, r-devel-windows-x86_64-old, r-patched-linux-x86_64, r-patched-solaris-x86, r-release-linux-x86_64, r-release-macos-arm64, r-release-macos-x86_64, r-release-windows-ix86+x86_64