CRAN Package Check Results for Package sRDA

Last updated on 2021-10-22 22:56:48 CEST.

Flavor Version Tinstall Tcheck Ttotal Status Flags
r-devel-linux-x86_64-debian-clang 1.0.0 6.61 62.97 69.58 NOTE
r-devel-linux-x86_64-debian-gcc 1.0.0 6.51 47.87 54.38 NOTE
r-devel-linux-x86_64-fedora-clang 1.0.0 95.17 NOTE
r-devel-linux-x86_64-fedora-gcc 1.0.0 83.40 NOTE
r-devel-windows-x86_64 1.0.0 12.00 65.00 77.00 NOTE
r-devel-windows-x86_64-gcc10-UCRT 1.0.0 NOTE
r-patched-linux-x86_64 1.0.0 6.84 60.35 67.19 NOTE
r-patched-solaris-x86 1.0.0 122.50 NOTE
r-release-linux-x86_64 1.0.0 6.51 60.70 67.21 NOTE
r-release-macos-arm64 1.0.0 NOTE
r-release-macos-x86_64 1.0.0 NOTE
r-release-windows-ix86+x86_64 1.0.0 12.00 85.00 97.00 NOTE
r-oldrel-macos-x86_64 1.0.0 OK
r-oldrel-windows-ix86+x86_64 1.0.0 18.00 78.00 96.00 OK

Check Details

Version: 1.0.0
Check: LazyData
Result: NOTE
     'LazyData' is specified without a 'data' directory
Flavors: r-devel-linux-x86_64-debian-clang, r-devel-linux-x86_64-debian-gcc, r-devel-linux-x86_64-fedora-clang, r-devel-linux-x86_64-fedora-gcc, r-devel-windows-x86_64, r-devel-windows-x86_64-gcc10-UCRT, r-patched-linux-x86_64, r-patched-solaris-x86, r-release-linux-x86_64, r-release-macos-arm64, r-release-macos-x86_64, r-release-windows-ix86+x86_64