Last updated on 2024-04-29 23:07:22 CEST.
Flavor | Version | Tinstall | Tcheck | Ttotal | Status | Flags |
---|---|---|---|---|---|---|
r-devel-linux-x86_64-debian-clang | 0.1.0 | 3.17 | 31.84 | 35.01 | OK | |
r-devel-linux-x86_64-debian-gcc | 0.1.0 | 2.51 | 25.08 | 27.59 | OK | |
r-devel-linux-x86_64-fedora-clang | 0.1.0 | 45.62 | NOTE | |||
r-devel-linux-x86_64-fedora-gcc | 0.1.0 | 42.72 | NOTE | |||
r-devel-windows-x86_64 | 0.1.0 | 5.00 | 47.00 | 52.00 | OK | |
r-patched-linux-x86_64 | 0.1.0 | 2.72 | 31.57 | 34.29 | OK | |
r-release-linux-x86_64 | 0.1.0 | 3.27 | 31.44 | 34.71 | OK | |
r-release-macos-arm64 | 0.1.0 | 18.00 | OK | |||
r-release-windows-x86_64 | 0.1.0 | 5.00 | 47.00 | 52.00 | OK | |
r-oldrel-macos-arm64 | 0.1.0 | 19.00 | OK | |||
r-oldrel-macos-x86_64 | 0.1.0 | 26.00 | OK | |||
r-oldrel-windows-x86_64 | 0.1.0 | 5.00 | 47.00 | 52.00 | OK |
Version: 0.1.0
Check: data for non-ASCII characters
Result: NOTE
Note: found 35 marked UTF-8 strings
Flavors: r-devel-linux-x86_64-fedora-clang, r-devel-linux-x86_64-fedora-gcc