Last updated on 2022-07-06 21:53:50 CEST.
Flavor | Version | Tinstall | Tcheck | Ttotal | Status | Flags |
---|---|---|---|---|---|---|
r-devel-linux-x86_64-debian-clang | 0.2.1 | 9.16 | 52.33 | 61.49 | OK | |
r-devel-linux-x86_64-debian-gcc | 0.2.1 | 4.69 | 39.49 | 44.18 | OK | |
r-devel-linux-x86_64-fedora-clang | 0.2.1 | 82.56 | NOTE | |||
r-devel-linux-x86_64-fedora-gcc | 0.2.1 | 82.09 | NOTE | |||
r-devel-windows-x86_64 | 0.2.1 | 19.00 | 86.00 | 105.00 | OK | |
r-patched-linux-x86_64 | 0.2.1 | 6.28 | 50.53 | 56.81 | OK | |
r-release-linux-x86_64 | 0.2.1 | 7.50 | 50.36 | 57.86 | OK | |
r-release-macos-arm64 | 0.2.1 | 25.00 | NOTE | |||
r-release-macos-x86_64 | 0.2.1 | 35.00 | NOTE | |||
r-release-windows-x86_64 | 0.2.1 | 15.00 | 81.00 | 96.00 | OK | |
r-oldrel-macos-arm64 | 0.2.1 | 29.00 | NOTE | |||
r-oldrel-macos-x86_64 | 0.2.1 | 37.00 | NOTE | |||
r-oldrel-windows-ix86+x86_64 | 0.2.1 | 16.00 | 66.00 | 82.00 | OK |
Version: 0.2.1
Check: dependencies in R code
Result: NOTE
Namespaces in Imports field not imported from:
‘CARBayesdata’ ‘MASS’ ‘nimble’
All declared Imports should be used.
Flavors: r-devel-linux-x86_64-fedora-clang, r-devel-linux-x86_64-fedora-gcc, r-release-macos-arm64, r-release-macos-x86_64, r-oldrel-macos-arm64, r-oldrel-macos-x86_64