CRAN Package Check Results for Package saeRobust

Last updated on 2021-09-25 22:54:19 CEST.

Flavor Version Tinstall Tcheck Ttotal Status Flags
r-devel-linux-x86_64-debian-clang 0.2.0 48.47 206.94 255.41 NOTE
r-devel-linux-x86_64-debian-gcc 0.2.0 35.83 153.75 189.58 NOTE
r-devel-linux-x86_64-fedora-clang 0.2.0 314.11 NOTE
r-devel-linux-x86_64-fedora-gcc 0.2.0 299.86 NOTE
r-devel-windows-x86_64 0.2.0 48.00 193.00 241.00 NOTE
r-devel-windows-x86_64-gcc10-UCRT 0.2.0 NOTE
r-patched-linux-x86_64 0.2.0 41.30 196.46 237.76 NOTE
r-patched-solaris-x86 0.2.0 365.60 NOTE
r-release-linux-x86_64 0.2.0 43.08 195.87 238.95 NOTE
r-release-macos-arm64 0.2.0 NOTE
r-release-macos-x86_64 0.2.0 NOTE
r-release-windows-ix86+x86_64 0.2.0 116.00 300.00 416.00 NOTE
r-oldrel-macos-x86_64 0.2.0 OK
r-oldrel-windows-ix86+x86_64 0.2.0 88.00 313.00 401.00 OK

Check Details

Version: 0.2.0
Check: LazyData
Result: NOTE
     'LazyData' is specified without a 'data' directory
Flavors: r-devel-linux-x86_64-debian-clang, r-devel-linux-x86_64-debian-gcc, r-devel-linux-x86_64-fedora-clang, r-devel-linux-x86_64-fedora-gcc, r-devel-windows-x86_64, r-devel-windows-x86_64-gcc10-UCRT, r-patched-linux-x86_64, r-patched-solaris-x86, r-release-linux-x86_64, r-release-macos-arm64, r-release-macos-x86_64, r-release-windows-ix86+x86_64