CRAN Package Check Results for Package saeSim

Last updated on 2024-04-16 22:55:38 CEST.

Flavor Version Tinstall Tcheck Ttotal Status Flags
r-devel-linux-x86_64-debian-clang 0.11.0 11.41 143.44 154.85 NOTE
r-devel-linux-x86_64-debian-gcc 0.11.0 9.08 103.66 112.74 NOTE
r-devel-linux-x86_64-fedora-clang 0.11.0 189.91 NOTE
r-devel-linux-x86_64-fedora-gcc 0.11.0 191.46 NOTE
r-prerel-macos-arm64 0.11.0 55.00 NOTE
r-prerel-windows-x86_64 0.11.0 11.00 116.00 127.00 NOTE
r-patched-linux-x86_64 0.11.0 18.80 134.46 153.26 NOTE
r-release-linux-x86_64 0.11.0 10.18 135.60 145.78 OK
r-release-macos-arm64 0.11.0 63.00 OK
r-release-macos-x86_64 0.11.0 111.00 OK
r-release-windows-x86_64 0.11.0 14.00 147.00 161.00 OK
r-oldrel-macos-arm64 0.11.0 108.00 OK
r-oldrel-windows-x86_64 0.11.0 17.00 144.00 161.00 OK

Check Details

Version: 0.11.0
Check: Rd files
Result: NOTE checkRd: (-1) sim_setup_preconfigured.Rd:24: Lost braces in \itemize; meant \describe ? checkRd: (-1) sim_setup_preconfigured.Rd:25: Lost braces in \itemize; meant \describe ? checkRd: (-1) sim_setup_preconfigured.Rd:26: Lost braces in \itemize; meant \describe ? checkRd: (-1) sim_setup_preconfigured.Rd:27: Lost braces in \itemize; meant \describe ? checkRd: (-1) sim_setup_preconfigured.Rd:28: Lost braces in \itemize; meant \describe ? checkRd: (-1) sim_setup_preconfigured.Rd:29: Lost braces in \itemize; meant \describe ? checkRd: (-1) sim_setup_preconfigured.Rd:30: Lost braces in \itemize; meant \describe ? checkRd: (-1) sim_setup_preconfigured.Rd:31: Lost braces in \itemize; meant \describe ? Flavors: r-devel-linux-x86_64-debian-clang, r-devel-linux-x86_64-debian-gcc, r-devel-linux-x86_64-fedora-clang, r-devel-linux-x86_64-fedora-gcc, r-prerel-macos-arm64, r-prerel-windows-x86_64, r-patched-linux-x86_64

Version: 0.11.0
Check: Rd cross-references
Result: NOTE Undeclared package ‘magrittr’ in Rd xrefs Flavor: r-devel-linux-x86_64-fedora-clang