CRAN Package Check Results for Package safer

Last updated on 2022-07-05 22:50:33 CEST.

Flavor Version Tinstall Tcheck Ttotal Status Flags
r-devel-linux-x86_64-debian-clang 0.2.1 2.03 22.91 24.94 NOTE
r-devel-linux-x86_64-debian-gcc 0.2.1 1.57 17.76 19.33 NOTE
r-devel-linux-x86_64-fedora-clang 0.2.1 41.46 NOTE
r-devel-linux-x86_64-fedora-gcc 0.2.1 40.54 NOTE
r-devel-windows-x86_64 0.2.1 10.00 48.00 58.00 NOTE
r-patched-linux-x86_64 0.2.1 2.08 22.67 24.75 NOTE
r-release-linux-x86_64 0.2.1 1.55 21.80 23.35 NOTE
r-release-macos-arm64 0.2.1 15.00 NOTE
r-release-macos-x86_64 0.2.1 22.00 NOTE
r-release-windows-x86_64 0.2.1 10.00 47.00 57.00 NOTE
r-oldrel-macos-arm64 0.2.1 18.00 NOTE
r-oldrel-macos-x86_64 0.2.1 21.00 NOTE
r-oldrel-windows-ix86+x86_64 0.2.1 6.00 40.00 46.00 NOTE

Check Details

Version: 0.2.1
Check: LazyData
Result: NOTE
     'LazyData' is specified without a 'data' directory
Flavors: r-devel-linux-x86_64-debian-clang, r-devel-linux-x86_64-debian-gcc, r-devel-linux-x86_64-fedora-clang, r-devel-linux-x86_64-fedora-gcc, r-devel-windows-x86_64, r-patched-linux-x86_64, r-release-linux-x86_64, r-release-macos-arm64, r-release-macos-x86_64, r-release-windows-x86_64, r-oldrel-macos-arm64, r-oldrel-macos-x86_64, r-oldrel-windows-ix86+x86_64