CRAN Package Check Results for Package safetyGraphics

Last updated on 2021-12-07 22:59:42 CET.

Flavor Version Tinstall Tcheck Ttotal Status Flags
r-devel-linux-x86_64-debian-clang 2.0.0 9.33 100.53 109.86 OK
r-devel-linux-x86_64-debian-gcc 2.0.0 8.02 76.44 84.46 OK
r-devel-linux-x86_64-fedora-clang 2.0.0 138.84 NOTE
r-devel-linux-x86_64-fedora-gcc 2.0.0 126.98 NOTE
r-devel-windows-x86_64-new-UL 2.0.0 25.00 150.00 175.00 OK
r-devel-windows-x86_64-new-TK 2.0.0 NOTE
r-devel-windows-x86_64-old 2.0.0 17.00 100.00 117.00 OK
r-patched-linux-x86_64 2.0.0 11.12 97.90 109.02 OK
r-release-linux-x86_64 2.0.0 10.12 97.62 107.74 OK
r-release-macos-arm64 2.0.0 NOTE
r-release-macos-x86_64 2.0.0 NOTE
r-release-windows-ix86+x86_64 2.0.0 20.00 123.00 143.00 OK
r-oldrel-macos-x86_64 2.0.0 NOTE
r-oldrel-windows-ix86+x86_64 2.0.0 24.00 129.00 153.00 OK

Check Details

Version: 2.0.0
Check: dependencies in R code
Result: NOTE
    Namespaces in Imports field not imported from:
     ‘magrittr’ ‘safetyCharts’
     All declared Imports should be used.
Flavors: r-devel-linux-x86_64-fedora-clang, r-devel-linux-x86_64-fedora-gcc, r-devel-windows-x86_64-new-TK, r-release-macos-arm64, r-release-macos-x86_64, r-oldrel-macos-x86_64