CRAN Package Check Results for Package salty

Last updated on 2024-05-25 21:57:11 CEST.

Flavor Version Tinstall Tcheck Ttotal Status Flags
r-devel-linux-x86_64-debian-clang 0.1.0 3.30 50.75 54.05 NOTE
r-devel-linux-x86_64-debian-gcc 0.1.0 2.31 36.79 39.10 NOTE
r-devel-linux-x86_64-fedora-clang 0.1.0 65.51 NOTE
r-devel-linux-x86_64-fedora-gcc 0.1.0 61.99 NOTE
r-devel-windows-x86_64 0.1.0 4.00 58.00 62.00 NOTE
r-patched-linux-x86_64 0.1.0 2.57 47.49 50.06 NOTE
r-release-linux-x86_64 0.1.0 3.07 47.34 50.41 NOTE
r-release-macos-arm64 0.1.0 21.00 NOTE
r-release-windows-x86_64 0.1.0 5.00 110.00 115.00 NOTE
r-oldrel-macos-arm64 0.1.0 25.00 NOTE
r-oldrel-macos-x86_64 0.1.0 36.00 NOTE
r-oldrel-windows-x86_64 0.1.0 5.00 64.00 69.00 NOTE

Check Details

Version: 0.1.0
Check: LazyData
Result: NOTE 'LazyData' is specified without a 'data' directory Flavors: r-devel-linux-x86_64-debian-clang, r-devel-linux-x86_64-debian-gcc, r-devel-linux-x86_64-fedora-clang, r-devel-linux-x86_64-fedora-gcc, r-devel-windows-x86_64, r-patched-linux-x86_64, r-release-linux-x86_64, r-release-macos-arm64, r-release-windows-x86_64, r-oldrel-macos-arm64, r-oldrel-macos-x86_64, r-oldrel-windows-x86_64