Last updated on 2024-03-28 23:01:57 CET.
Flavor | Version | Tinstall | Tcheck | Ttotal | Status | Flags |
---|---|---|---|---|---|---|
r-devel-linux-x86_64-debian-clang | 3.2.1 | 212.68 | 468.71 | 681.39 | WARN | |
r-devel-linux-x86_64-debian-gcc | 3.2.1 | 189.54 | 350.09 | 539.63 | OK | |
r-devel-linux-x86_64-fedora-clang | 3.2.1 | 880.17 | OK | |||
r-devel-linux-x86_64-fedora-gcc | 3.2.1 | 967.87 | OK | |||
r-devel-windows-x86_64 | 3.2.1 | 165.00 | 319.00 | 484.00 | OK | |
r-patched-linux-x86_64 | 3.2.1 | 223.29 | 462.49 | 685.78 | OK | |
r-release-linux-x86_64 | 3.2.1 | 230.51 | 454.41 | 684.92 | OK | |
r-release-macos-arm64 | 3.2.1 | 209.00 | NOTE | |||
r-release-macos-x86_64 | 3.2.1 | 542.00 | NOTE | |||
r-release-windows-x86_64 | 3.2.1 | 204.00 | 449.00 | 653.00 | OK | |
r-oldrel-macos-arm64 | 3.2.1 | 208.00 | NOTE | |||
r-oldrel-windows-x86_64 | 3.2.1 | 203.00 | 410.00 | 613.00 | OK |
Version: 3.2.1
Check: whether package can be installed
Result: WARN
Found the following significant warnings:
/usr/bin/../lib/gcc/x86_64-linux-gnu/14/../../../../include/c++/14/functional:558:2: warning: 'result_of<(lambda at /home/hornik/tmp/R.check/r-devel-clang/Work/build/Packages/RcppThread/include/RcppThread/ThreadPool.hpp:187:24) &()>' is deprecated: use 'std::invoke_result' instead [-Wdeprecated-declarations]
/usr/bin/../lib/gcc/x86_64-linux-gnu/14/../../../../include/c++/14/functional:558:2: warning: 'result_of<std::_Bind<(lambda at /home/hornik/tmp/R.check/r-devel-clang/Work/build/Packages/RcppThread/include/RcppThread/ThreadPool.hpp:187:24) ()> &()>' is deprecated: use 'std::invoke_result' instead [-Wdeprecated-declarations]
/usr/bin/../lib/gcc/x86_64-linux-gnu/14/../../../../include/c++/14/functional:558:2: warning: 'result_of<(lambda at /home/hornik/tmp/R.check/r-devel-clang/Work/build/Packages/RcppThread/include/RcppThread/ThreadPool.hpp:200:24) &()>' is deprecated: use 'std::invoke_result' instead [-Wdeprecated-declarations]
/usr/bin/../lib/gcc/x86_64-linux-gnu/14/../../../../include/c++/14/functional:558:2: warning: 'result_of<std::_Bind<(lambda at /home/hornik/tmp/R.check/r-devel-clang/Work/build/Packages/RcppThread/include/RcppThread/ThreadPool.hpp:200:24) ()> &()>' is deprecated: use 'std::invoke_result' instead [-Wdeprecated-declarations]
See ‘/home/hornik/tmp/R.check/r-devel-clang/Work/PKGS/samc.Rcheck/00install.out’ for details.
* used C++ compiler: ‘Debian clang version 18.1.0 (rc4-1)’
Flavor: r-devel-linux-x86_64-debian-clang
Version: 3.2.1
Check: installed package size
Result: NOTE
installed size is 18.1Mb
sub-directories of 1Mb or more:
libs 16.9Mb
Flavors: r-release-macos-arm64, r-release-macos-x86_64, r-oldrel-macos-arm64