Last updated on 2023-10-01 23:03:57 CEST.
Flavor | Version | Tinstall | Tcheck | Ttotal | Status | Flags |
---|---|---|---|---|---|---|
r-devel-linux-x86_64-debian-clang | 3.2.1 | 221.51 | 468.55 | 690.06 | OK | |
r-devel-linux-x86_64-debian-gcc | 3.2.1 | 182.36 | 354.31 | 536.67 | OK | |
r-devel-linux-x86_64-fedora-clang | 3.2.1 | 870.30 | OK | |||
r-devel-linux-x86_64-fedora-gcc | 3.2.1 | 971.63 | OK | |||
r-devel-windows-x86_64 | 3.2.1 | 156.00 | 326.00 | 482.00 | OK | |
r-patched-linux-x86_64 | 3.2.1 | 209.27 | 415.58 | 624.85 | OK | |
r-release-linux-x86_64 | 3.2.1 | 220.76 | 454.88 | 675.64 | OK | |
r-release-macos-arm64 | 3.2.1 | 209.00 | NOTE | |||
r-release-macos-x86_64 | 3.2.1 | 542.00 | NOTE | |||
r-release-windows-x86_64 | 3.2.1 | 202.00 | 443.00 | 645.00 | OK | |
r-oldrel-macos-arm64 | 3.2.1 | 208.00 | NOTE | |||
r-oldrel-macos-x86_64 | 3.2.1 | 285.00 | NOTE | |||
r-oldrel-windows-x86_64 | 3.2.1 | 199.00 | 407.00 | 606.00 | OK |
Version: 3.2.1
Check: installed package size
Result: NOTE
installed size is 18.1Mb
sub-directories of 1Mb or more:
libs 16.9Mb
Flavors: r-release-macos-arm64, r-release-macos-x86_64, r-oldrel-macos-arm64, r-oldrel-macos-x86_64