CRAN Package Check Results for Package samplingDataCRT

Last updated on 2024-07-16 22:48:45 CEST.

Flavor Version Tinstall Tcheck Ttotal Status Flags
r-devel-linux-x86_64-debian-clang 1.0 2.16 34.95 37.11 OK
r-devel-linux-x86_64-debian-gcc 1.0 1.87 27.23 29.10 OK
r-devel-linux-x86_64-fedora-clang 1.0 48.23 OK
r-devel-linux-x86_64-fedora-gcc 1.0 58.34 OK
r-devel-windows-x86_64 1.0 3.00 59.00 62.00 OK
r-patched-linux-x86_64 1.0 2.14 33.13 35.27 OK
r-release-linux-x86_64 1.0 1.84 33.41 35.25 OK
r-release-macos-arm64 1.0 23.00 OK
r-release-macos-x86_64 1.0 40.00 WARN
r-release-windows-x86_64 1.0 4.00 61.00 65.00 OK
r-oldrel-macos-arm64 1.0 27.00 OK
r-oldrel-macos-x86_64 1.0 34.00 NOTE
r-oldrel-windows-x86_64 1.0 4.00 58.00 62.00 OK

Check Details

Version: 1.0
Check: re-building of vignette outputs
Result: WARN Error(s) in re-building vignettes: ... --- re-building ‘my-vignette.Rnw’ using knitr Error: processing vignette 'my-vignette.Rnw' failed with diagnostics: Running 'texi2dvi' on 'my-vignette.tex' failed. LaTeX errors: ! Undefined control sequence. l.873 \hlkwd{library}\hldef {(samplingDataCRT)} ? ! Emergency stop. ! Emergency stop. l.873 End of file on the terminal! ! ==> Fatal error occurred, no output PDF file produced! --- failed re-building ‘my-vignette.Rnw’ SUMMARY: processing the following file failed: ‘my-vignette.Rnw’ Error: Vignette re-building failed. Execution halted Flavor: r-release-macos-x86_64

Version: 1.0
Check: package dependencies
Result: NOTE Package suggested but not available for checking: ‘lme4’ Flavor: r-oldrel-macos-x86_64

Version: 1.0
Check: re-building of vignette outputs
Result: NOTE Note: skipping ‘my-vignette.Rnw’ due to unavailable dependencies: 'lme4' Flavor: r-oldrel-macos-x86_64