Last updated on 2023-10-02 22:08:10 CEST.
Flavor | Version | Tinstall | Tcheck | Ttotal | Status | Flags |
---|---|---|---|---|---|---|
r-devel-linux-x86_64-debian-clang | 1.0 | 2.40 | 33.01 | 35.41 | OK | |
r-devel-linux-x86_64-debian-gcc | 1.0 | 1.56 | 25.49 | 27.05 | OK | |
r-devel-linux-x86_64-fedora-clang | 1.0 | 45.07 | OK | |||
r-devel-linux-x86_64-fedora-gcc | 1.0 | 55.42 | OK | |||
r-devel-windows-x86_64 | 1.0 | 3.00 | 60.00 | 63.00 | OK | |
r-patched-linux-x86_64 | 1.0 | 2.48 | 32.21 | 34.69 | OK | |
r-release-linux-x86_64 | 1.0 | 1.63 | 32.08 | 33.71 | OK | |
r-release-macos-arm64 | 1.0 | 27.00 | OK | |||
r-release-macos-x86_64 | 1.0 | 34.00 | NOTE | |||
r-release-windows-x86_64 | 1.0 | 5.00 | 57.00 | 62.00 | OK | |
r-oldrel-macos-arm64 | 1.0 | 21.00 | OK | |||
r-oldrel-macos-x86_64 | 1.0 | 29.00 | OK | |||
r-oldrel-windows-x86_64 | 1.0 | 5.00 | 58.00 | 63.00 | OK |
Version: 1.0
Check: package dependencies
Result: NOTE
Package suggested but not available for checking: ‘lme4’
Flavor: r-release-macos-x86_64
Version: 1.0
Check: re-building of vignette outputs
Result: NOTE
Note: skipping ‘my-vignette.Rnw’ due to unavailable dependencies: 'lme4'
Flavor: r-release-macos-x86_64