Last updated on 2025-01-19 22:49:23 CET.
Flavor | Version | Tinstall | Tcheck | Ttotal | Status | Flags |
---|---|---|---|---|---|---|
r-devel-linux-x86_64-debian-clang | 1.1.1 | 5.25 | 49.91 | 55.16 | OK | |
r-devel-linux-x86_64-debian-gcc | 1.1.1 | 3.56 | 35.12 | 38.68 | OK | |
r-devel-linux-x86_64-fedora-clang | 1.1.1 | 88.61 | NOTE | |||
r-devel-linux-x86_64-fedora-gcc | 1.1.1 | 97.83 | NOTE | |||
r-devel-windows-x86_64 | 1.1.1 | 7.00 | 64.00 | 71.00 | OK | |
r-patched-linux-x86_64 | 1.1.1 | 3.50 | 45.82 | 49.32 | OK | |
r-release-linux-x86_64 | 1.1.1 | 5.20 | 45.83 | 51.03 | OK | |
r-release-macos-arm64 | 1.1.1 | 35.00 | OK | |||
r-release-macos-x86_64 | 1.1.1 | 64.00 | OK | |||
r-release-windows-x86_64 | 1.1.1 | 5.00 | 67.00 | 72.00 | OK | |
r-oldrel-macos-arm64 | 1.1.1 | 39.00 | OK | |||
r-oldrel-macos-x86_64 | 1.1.1 | 59.00 | OK | |||
r-oldrel-windows-x86_64 | 1.1.1 | 8.00 | 68.00 | 76.00 | OK |
Version: 1.1.1
Check: dependencies in R code
Result: NOTE
Namespace in Imports field not imported from: ‘base’
All declared Imports should be used.
Flavors: r-devel-linux-x86_64-fedora-clang, r-devel-linux-x86_64-fedora-gcc