Last updated on 2024-04-18 22:52:58 CEST.
Flavor | Version | Tinstall | Tcheck | Ttotal | Status | Flags |
---|---|---|---|---|---|---|
r-devel-linux-x86_64-debian-clang | 0.1.0 | 89.93 | 161.84 | 251.77 | NOTE | |
r-devel-linux-x86_64-debian-gcc | 0.1.0 | 68.86 | 119.82 | 188.68 | NOTE | |
r-devel-linux-x86_64-fedora-clang | 0.1.0 | 336.69 | NOTE | |||
r-devel-linux-x86_64-fedora-gcc | 0.1.0 | 346.04 | NOTE | |||
r-prerel-macos-arm64 | 0.1.0 | 82.00 | NOTE | |||
r-prerel-windows-x86_64 | 0.1.0 | 72.00 | 147.00 | 219.00 | NOTE | |
r-patched-linux-x86_64 | 0.1.0 | 90.56 | 153.12 | 243.68 | NOTE | |
r-release-linux-x86_64 | 0.1.0 | 79.68 | 154.05 | 233.73 | NOTE | |
r-release-macos-arm64 | 0.1.0 | 85.00 | NOTE | |||
r-release-macos-x86_64 | 0.1.0 | 156.00 | NOTE | |||
r-release-windows-x86_64 | 0.1.0 | 84.00 | 179.00 | 263.00 | NOTE | |
r-oldrel-macos-arm64 | 0.1.0 | 82.00 | NOTE | |||
r-oldrel-windows-x86_64 | 0.1.0 | 90.00 | 177.00 | 267.00 | NOTE |
Version: 0.1.0
Check: C++ specification
Result: NOTE
Specified C++11: please drop specification unless essential
Flavors: r-devel-linux-x86_64-debian-clang, r-devel-linux-x86_64-debian-gcc, r-devel-linux-x86_64-fedora-clang, r-devel-linux-x86_64-fedora-gcc, r-prerel-macos-arm64, r-prerel-windows-x86_64, r-patched-linux-x86_64, r-release-linux-x86_64, r-release-macos-arm64, r-release-macos-x86_64, r-release-windows-x86_64
Version: 0.1.0
Check: Rd files
Result: NOTE
checkRd: (-1) ModelHMMR-class.Rd:37: Lost braces; missing escapes or markup?
37 | class {StatHMMR}).
| ^
Flavors: r-devel-linux-x86_64-debian-clang, r-devel-linux-x86_64-debian-gcc, r-devel-linux-x86_64-fedora-clang, r-devel-linux-x86_64-fedora-gcc, r-prerel-macos-arm64, r-prerel-windows-x86_64, r-patched-linux-x86_64
Version: 0.1.0
Check: installed package size
Result: NOTE
installed size is 6.6Mb
sub-directories of 1Mb or more:
doc 2.3Mb
help 3.4Mb
Flavors: r-devel-linux-x86_64-fedora-clang, r-prerel-macos-arm64, r-prerel-windows-x86_64, r-release-macos-arm64, r-release-macos-x86_64, r-release-windows-x86_64, r-oldrel-macos-arm64, r-oldrel-windows-x86_64