CRAN Package Check Results for Package sand

Last updated on 2021-06-15 22:53:56 CEST.

Flavor Version Tinstall Tcheck Ttotal Status Flags
r-devel-linux-x86_64-debian-clang 2.0.0 2.82 33.18 36.00 OK
r-devel-linux-x86_64-debian-gcc 2.0.0 2.26 27.01 29.27 OK
r-devel-linux-x86_64-fedora-clang 2.0.0 53.04 NOTE
r-devel-linux-x86_64-fedora-gcc 2.0.0 42.48 NOTE
r-devel-windows-x86_64 2.0.0 5.00 51.00 56.00 OK
r-devel-windows-x86_64-gcc10-UCRT 2.0.0 NOTE
r-patched-linux-x86_64 2.0.0 3.21 32.53 35.74 OK
r-patched-solaris-x86 2.0.0 73.70 NOTE
r-release-linux-x86_64 2.0.0 2.82 32.73 35.55 OK
r-release-macos-arm64 2.0.0 NOTE
r-release-macos-x86_64 2.0.0 NOTE
r-release-windows-ix86+x86_64 2.0.0 7.00 55.00 62.00 OK
r-oldrel-macos-x86_64 2.0.0 NOTE
r-oldrel-windows-ix86+x86_64 2.0.0 4.00 57.00 61.00 OK

Check Details

Version: 2.0.0
Check: data for non-ASCII characters
Result: NOTE
     Note: found 6 marked UTF-8 strings
Flavors: r-devel-linux-x86_64-fedora-clang, r-devel-linux-x86_64-fedora-gcc, r-devel-windows-x86_64-gcc10-UCRT, r-patched-solaris-x86, r-release-macos-arm64, r-release-macos-x86_64, r-oldrel-macos-x86_64

Version: 2.0.0
Check: package dependencies
Result: NOTE
    Packages suggested but not available for checking:
     'GOstats', 'org.Sc.sgd.db'
Flavor: r-devel-windows-x86_64-gcc10-UCRT

Version: 2.0.0
Check: package dependencies
Result: NOTE
    Packages suggested but not available for checking:
     'GO.db', 'GOstats', 'org.Sc.sgd.db'
Flavor: r-release-macos-arm64

Version: 2.0.0
Check: package dependencies
Result: NOTE
    Packages suggested but not available for checking: 'GO.db', 'org.Sc.sgd.db'
Flavor: r-release-macos-x86_64

Version: 2.0.0
Check: package dependencies
Result: NOTE
    Package suggested but not available for checking: ‘org.Sc.sgd.db’
Flavor: r-oldrel-macos-x86_64