CRAN Package Check Results for Package sand

Last updated on 2019-12-10 22:49:48 CET.

Flavor Version Tinstall Tcheck Ttotal Status Flags
r-devel-linux-x86_64-debian-clang 1.0.3 2.64 25.47 28.11 NOTE
r-devel-linux-x86_64-debian-gcc 1.0.3 2.15 20.66 22.81 NOTE
r-devel-linux-x86_64-fedora-clang 1.0.3 35.50 NOTE
r-devel-linux-x86_64-fedora-gcc 1.0.3 34.76 NOTE
r-devel-windows-ix86+x86_64 1.0.3 5.00 50.00 55.00 OK
r-devel-windows-ix86+x86_64-gcc8 1.0.3 5.00 69.00 74.00 NOTE
r-patched-linux-x86_64 1.0.3 1.97 23.97 25.94 NOTE
r-patched-solaris-x86 1.0.3 53.40 NOTE
r-release-linux-x86_64 1.0.3 2.21 23.77 25.98 NOTE
r-release-windows-ix86+x86_64 1.0.3 5.00 35.00 40.00 OK
r-release-osx-x86_64 1.0.3 NOTE
r-oldrel-windows-ix86+x86_64 1.0.3 3.00 38.00 41.00 OK
r-oldrel-osx-x86_64 1.0.3 NOTE

Check Details

Version: 1.0.3
Check: package dependencies
Result: NOTE
    Package suggested but not available for checking: 'mixer'
Flavors: r-devel-linux-x86_64-debian-clang, r-devel-linux-x86_64-debian-gcc, r-devel-linux-x86_64-fedora-clang, r-devel-linux-x86_64-fedora-gcc, r-devel-windows-ix86+x86_64-gcc8, r-patched-linux-x86_64, r-patched-solaris-x86, r-release-linux-x86_64

Version: 1.0.3
Check: data for non-ASCII characters
Result: NOTE
     Note: found 6 marked UTF-8 strings
Flavors: r-devel-linux-x86_64-fedora-clang, r-devel-linux-x86_64-fedora-gcc, r-patched-solaris-x86, r-release-osx-x86_64, r-oldrel-osx-x86_64

Version: 1.0.3
Check: package dependencies
Result: NOTE
    Packages suggested but not available for checking:
     'GO.db', 'GOstats', 'mixer', 'org.Sc.sgd.db'
Flavor: r-release-osx-x86_64

Version: 1.0.3
Check: package dependencies
Result: NOTE
    Packages suggested but not available for checking:
     ‘mixer’ ‘networkTomography’ ‘org.Sc.sgd.db’
Flavor: r-oldrel-osx-x86_64