CRAN Package Check Results for Package sanityTracker

Last updated on 2021-12-01 22:53:24 CET.

Flavor Version Tinstall Tcheck Ttotal Status Flags
r-devel-linux-x86_64-debian-clang 0.1.0 2.90 32.29 35.19 NOTE
r-devel-linux-x86_64-debian-gcc 0.1.0 2.19 25.78 27.97 NOTE
r-devel-linux-x86_64-fedora-clang 0.1.0 53.38 NOTE
r-devel-linux-x86_64-fedora-gcc 0.1.0 41.67 NOTE
r-devel-windows-x86_64-new-UL 0.1.0 8.00 75.00 83.00 NOTE
r-devel-windows-x86_64-new-TK 0.1.0 NOTE
r-devel-windows-x86_64-old 0.1.0 5.00 39.00 44.00 NOTE
r-patched-linux-x86_64 0.1.0 2.37 30.14 32.51 NOTE
r-patched-solaris-x86 0.1.0 61.50 NOTE
r-release-linux-x86_64 0.1.0 2.80 30.49 33.29 NOTE
r-release-macos-arm64 0.1.0 NOTE
r-release-macos-x86_64 0.1.0 NOTE
r-release-windows-ix86+x86_64 0.1.0 7.00 53.00 60.00 NOTE
r-oldrel-macos-x86_64 0.1.0 OK
r-oldrel-windows-ix86+x86_64 0.1.0 7.00 50.00 57.00 OK

Check Details

Version: 0.1.0
Check: LazyData
Result: NOTE
     'LazyData' is specified without a 'data' directory
Flavors: r-devel-linux-x86_64-debian-clang, r-devel-linux-x86_64-debian-gcc, r-devel-linux-x86_64-fedora-clang, r-devel-linux-x86_64-fedora-gcc, r-devel-windows-x86_64-new-UL, r-devel-windows-x86_64-new-TK, r-devel-windows-x86_64-old, r-patched-linux-x86_64, r-patched-solaris-x86, r-release-linux-x86_64, r-release-macos-arm64, r-release-macos-x86_64, r-release-windows-ix86+x86_64