Last updated on 2025-01-16 22:50:08 CET.
Flavor | Version | Tinstall | Tcheck | Ttotal | Status | Flags |
---|---|---|---|---|---|---|
r-devel-linux-x86_64-debian-clang | 1.0.2 | 1.60 | 33.47 | 35.07 | OK | |
r-devel-linux-x86_64-debian-gcc | 1.0.2 | 1.93 | 23.36 | 25.29 | OK | |
r-devel-linux-x86_64-fedora-clang | 1.0.2 | 59.46 | OK | |||
r-devel-linux-x86_64-fedora-gcc | 1.0.2 | 57.68 | OK | |||
r-devel-windows-x86_64 | 1.0.2 | 4.00 | 52.00 | 56.00 | OK | |
r-patched-linux-x86_64 | 1.0.2 | 2.13 | 31.70 | 33.83 | NOTE | |
r-release-linux-x86_64 | 1.0.2 | 2.38 | 31.37 | 33.75 | NOTE | |
r-release-macos-arm64 | 1.0.2 | 21.00 | NOTE | |||
r-release-macos-x86_64 | 1.0.2 | 30.00 | NOTE | |||
r-release-windows-x86_64 | 1.0.2 | 3.00 | 51.00 | 54.00 | NOTE | |
r-oldrel-macos-arm64 | 1.0.2 | 24.00 | NOTE | |||
r-oldrel-macos-x86_64 | 1.0.2 | 30.00 | NOTE | |||
r-oldrel-windows-x86_64 | 1.0.2 | 4.00 | 94.00 | 98.00 | NOTE |
Version: 1.0.2
Check: LazyData
Result: NOTE
'LazyData' is specified without a 'data' directory
Flavors: r-patched-linux-x86_64, r-release-linux-x86_64, r-release-macos-arm64, r-release-macos-x86_64, r-release-windows-x86_64, r-oldrel-macos-arm64, r-oldrel-macos-x86_64, r-oldrel-windows-x86_64