CRAN Package Check Results for Package santaR

Last updated on 2021-12-01 22:53:24 CET.

Flavor Version Tinstall Tcheck Ttotal Status Flags
r-devel-linux-x86_64-debian-clang 1.0 6.29 183.20 189.49 OK
r-devel-linux-x86_64-debian-gcc 1.0 4.50 142.10 146.60 OK
r-devel-linux-x86_64-fedora-clang 1.0 228.83 NOTE
r-devel-linux-x86_64-fedora-gcc 1.0 217.43 NOTE
r-devel-windows-x86_64-new-UL 1.0 18.00 234.00 252.00 OK
r-devel-windows-x86_64-new-TK 1.0 NOTE
r-devel-windows-x86_64-old 1.0 11.00 155.00 166.00 OK
r-patched-linux-x86_64 1.0 5.95 178.64 184.59 OK
r-patched-solaris-x86 1.0 142.30 NOTE
r-release-linux-x86_64 1.0 6.40 178.50 184.90 OK
r-release-macos-arm64 1.0 NOTE
r-release-macos-x86_64 1.0 NOTE
r-release-windows-ix86+x86_64 1.0 14.00 209.00 223.00 OK
r-oldrel-macos-x86_64 1.0 NOTE
r-oldrel-windows-ix86+x86_64 1.0 15.00 213.00 228.00 OK

Check Details

Version: 1.0
Check: dependencies in R code
Result: NOTE
    Namespace in Imports field not imported from: ‘gridExtra’
     All declared Imports should be used.
Flavors: r-devel-linux-x86_64-fedora-clang, r-devel-linux-x86_64-fedora-gcc, r-devel-windows-x86_64-new-TK, r-patched-solaris-x86, r-release-macos-arm64, r-release-macos-x86_64, r-oldrel-macos-x86_64