CRAN Package Check Results for Package santaR

Last updated on 2021-05-14 23:51:00 CEST.

Flavor Version Tinstall Tcheck Ttotal Status Flags
r-devel-linux-x86_64-debian-clang 1.0 6.00 189.51 195.51 OK
r-devel-linux-x86_64-debian-gcc 1.0 5.40 139.27 144.67 OK
r-devel-linux-x86_64-fedora-clang 1.0 237.01 NOTE
r-devel-linux-x86_64-fedora-gcc 1.0 228.30 NOTE
r-devel-windows-ix86+x86_64 1.0 21.00 148.00 169.00 OK
r-devel-windows-x86_64-gcc10-UCRT 1.0 NOTE
r-patched-linux-x86_64 1.0 7.08 180.69 187.77 OK
r-patched-solaris-x86 1.0 261.00 NOTE
r-release-linux-x86_64 1.0 6.49 177.21 183.70 OK
r-release-macos-x86_64 1.0 NOTE
r-release-windows-ix86+x86_64 1.0 10.00 235.00 245.00 OK
r-oldrel-macos-x86_64 1.0 NOTE
r-oldrel-windows-ix86+x86_64 1.0 8.00 208.00 216.00 OK

Check Details

Version: 1.0
Check: dependencies in R code
Result: NOTE
    Namespace in Imports field not imported from: ‘gridExtra’
     All declared Imports should be used.
Flavors: r-devel-linux-x86_64-fedora-clang, r-devel-linux-x86_64-fedora-gcc, r-devel-windows-x86_64-gcc10-UCRT, r-patched-solaris-x86, r-release-macos-x86_64, r-oldrel-macos-x86_64