Last updated on 2023-09-28 23:08:57 CEST.
Flavor | Version | Tinstall | Tcheck | Ttotal | Status | Flags |
---|---|---|---|---|---|---|
r-devel-linux-x86_64-debian-clang | 1.2.3 | 8.29 | 227.47 | 235.76 | OK | |
r-devel-linux-x86_64-debian-gcc | 1.2.3 | 5.39 | 165.55 | 170.94 | OK | |
r-devel-linux-x86_64-fedora-clang | 1.2.3 | 282.30 | NOTE | |||
r-devel-linux-x86_64-fedora-gcc | 1.2.3 | 299.09 | NOTE | |||
r-devel-windows-x86_64 | 1.2.3 | 8.00 | 169.00 | 177.00 | OK | |
r-patched-linux-x86_64 | 1.2.3 | 5.70 | 220.32 | 226.02 | OK | |
r-release-linux-x86_64 | 1.2.3 | 4.74 | 211.72 | 216.46 | OK | |
r-release-macos-arm64 | 1.2.3 | 92.00 | OK | |||
r-release-macos-x86_64 | 1.2.3 | 148.00 | OK | |||
r-release-windows-x86_64 | 1.2.3 | 11.00 | 227.00 | 238.00 | OK | |
r-oldrel-macos-arm64 | 1.2.3 | 94.00 | NOTE | |||
r-oldrel-macos-x86_64 | 1.2.3 | 108.00 | NOTE | |||
r-oldrel-windows-x86_64 | 1.2.3 | 13.00 | 218.00 | 231.00 | OK |
Version: 1.2.3
Check: dependencies in R code
Result: NOTE
Namespaces in Imports field not imported from:
‘DT’ ‘gridExtra’
All declared Imports should be used.
Flavors: r-devel-linux-x86_64-fedora-clang, r-devel-linux-x86_64-fedora-gcc, r-oldrel-macos-arm64, r-oldrel-macos-x86_64