CRAN Package Check Results for Package sapfluxnetr

Last updated on 2021-07-27 01:51:01 CEST.

Flavor Version Tinstall Tcheck Ttotal Status Flags
r-devel-linux-x86_64-debian-clang 0.1.1 9.37 213.61 222.98 OK
r-devel-linux-x86_64-debian-gcc 0.1.1 8.19 157.26 165.45 OK
r-devel-linux-x86_64-fedora-clang 0.1.1 270.23 NOTE
r-devel-linux-x86_64-fedora-gcc 0.1.1 263.89 NOTE
r-devel-windows-x86_64 0.1.1 20.00 260.00 280.00 OK
r-devel-windows-x86_64-gcc10-UCRT 0.1.1 NOTE
r-patched-linux-x86_64 0.1.1 15.13 200.56 215.69 OK
r-patched-solaris-x86 0.1.1 343.30 NOTE
r-release-linux-x86_64 0.1.1 9.56 198.72 208.28 OK
r-release-macos-arm64 0.1.1 WARN
r-release-macos-x86_64 0.1.1 NOTE
r-release-windows-ix86+x86_64 0.1.1 21.00 192.00 213.00 OK
r-oldrel-macos-x86_64 0.1.1 NOTE
r-oldrel-windows-ix86+x86_64 0.1.1 15.00 294.00 309.00 OK

Check Details

Version: 0.1.1
Check: data for non-ASCII characters
Result: NOTE
     Note: found 4 marked UTF-8 strings
Flavors: r-devel-linux-x86_64-fedora-clang, r-devel-linux-x86_64-fedora-gcc, r-devel-windows-x86_64-gcc10-UCRT, r-patched-solaris-x86, r-release-macos-arm64, r-release-macos-x86_64, r-oldrel-macos-x86_64

Version: 0.1.1
Check: re-building of vignette outputs
Result: WARN
    Error(s) in re-building vignettes:
    --- re-building ‘custom-aggregation.Rmd’ using rmarkdown
    Warning in engine$weave(file, quiet = quiet, encoding = enc) :
     Pandoc (>= 1.12.3) not available. Falling back to R Markdown v1.
    --- finished re-building ‘custom-aggregation.Rmd’
    
    --- re-building ‘data-flags.Rmd’ using rmarkdown
    Warning in engine$weave(file, quiet = quiet, encoding = enc) :
     Pandoc (>= 1.12.3) not available. Falling back to R Markdown v1.
    --- finished re-building ‘data-flags.Rmd’
    
    --- re-building ‘memory-and-parallelization.Rmd’ using rmarkdown
    Warning in engine$weave(file, quiet = quiet, encoding = enc) :
     Pandoc (>= 1.12.3) not available. Falling back to R Markdown v1.
    --- finished re-building ‘memory-and-parallelization.Rmd’
    
    --- re-building ‘metadata-and-data-units.Rmd’ using rmarkdown
    Warning in engine$weave(file, quiet = quiet, encoding = enc) :
     Pandoc (>= 1.12.3) not available. Falling back to R Markdown v1.
    --- finished re-building ‘metadata-and-data-units.Rmd’
    
    --- re-building ‘sapfluxnetr-quick-guide.Rmd’ using rmarkdown
    Warning in engine$weave(file, quiet = quiet, encoding = enc) :
     Pandoc (>= 1.12.3) not available. Falling back to R Markdown v1.
    Quitting from lines 267-270 (sapfluxnetr-quick-guide.Rmd)
    Error: processing vignette 'sapfluxnetr-quick-guide.Rmd' failed with diagnostics:
    polygon edge not found
    --- failed re-building ‘sapfluxnetr-quick-guide.Rmd’
    
    --- re-building ‘sfn-data-classes.Rmd’ using rmarkdown
    Warning in engine$weave(file, quiet = quiet, encoding = enc) :
     Pandoc (>= 1.12.3) not available. Falling back to R Markdown v1.
    Quitting from lines 202-210 (sfn-data-classes.Rmd)
    Error: processing vignette 'sfn-data-classes.Rmd' failed with diagnostics:
    polygon edge not found
    --- failed re-building ‘sfn-data-classes.Rmd’
    
    SUMMARY: processing the following files failed:
     ‘sapfluxnetr-quick-guide.Rmd’ ‘sfn-data-classes.Rmd’
    
    Error: Vignette re-building failed.
    Execution halted
Flavor: r-release-macos-arm64