CRAN Package Check Results for Package sapfluxnetr

Last updated on 2021-10-23 22:58:02 CEST.

Flavor Version Tinstall Tcheck Ttotal Status Flags
r-devel-linux-x86_64-debian-clang 0.1.2 11.01 204.78 215.79 OK
r-devel-linux-x86_64-debian-gcc 0.1.2 7.89 149.82 157.71 OK
r-devel-linux-x86_64-fedora-clang 0.1.2 261.11 NOTE
r-devel-linux-x86_64-fedora-gcc 0.1.2 246.42 NOTE
r-devel-windows-x86_64 0.1.2 18.00 259.00 277.00 OK
r-devel-windows-x86_64-gcc10-UCRT 0.1.2 NOTE
r-patched-linux-x86_64 0.1.2 14.02 197.88 211.90 OK
r-patched-solaris-x86 0.1.2 211.60 NOTE
r-release-linux-x86_64 0.1.2 8.43 197.54 205.97 OK
r-release-macos-arm64 0.1.2 NOTE
r-release-macos-x86_64 0.1.2 NOTE
r-release-windows-ix86+x86_64 0.1.2 16.00 254.00 270.00 OK
r-oldrel-macos-x86_64 0.1.2 NOTE
r-oldrel-windows-ix86+x86_64 0.1.2 23.00 396.00 419.00 OK

Check Details

Version: 0.1.2
Check: data for non-ASCII characters
Result: NOTE
     Note: found 4 marked UTF-8 strings
Flavors: r-devel-linux-x86_64-fedora-clang, r-devel-linux-x86_64-fedora-gcc, r-devel-windows-x86_64-gcc10-UCRT, r-patched-solaris-x86, r-release-macos-arm64, r-release-macos-x86_64, r-oldrel-macos-x86_64