CRAN Package Check Results for Package sarima

Last updated on 2021-11-27 22:57:10 CET.

Flavor Version Tinstall Tcheck Ttotal Status Flags
r-devel-linux-x86_64-debian-clang 0.8.5 OK
r-devel-linux-x86_64-debian-gcc 0.8.5 58.08 224.93 283.01 OK
r-devel-linux-x86_64-fedora-clang 0.8.5 502.06 OK
r-devel-linux-x86_64-fedora-gcc 0.8.5 488.73 OK
r-devel-windows-x86_64-new-UL 0.8.5 118.00 407.00 525.00 OK
r-devel-windows-x86_64-new-TK 0.8.5 OK
r-devel-windows-x86_64-old 0.8.5 80.00 395.00 475.00 OK
r-patched-linux-x86_64 0.8.5 73.09 310.25 383.34 OK
r-patched-solaris-x86 0.8.5 574.60 OK
r-release-linux-x86_64 0.8.5 OK
r-release-macos-arm64 0.8.5 NOTE
r-release-macos-x86_64 0.8.5 OK
r-release-windows-ix86+x86_64 0.8.5 189.00 499.00 688.00 OK
r-oldrel-macos-x86_64 0.8.5 OK
r-oldrel-windows-ix86+x86_64 0.8.5 172.00 649.00 821.00 OK

Check Details

Version: 0.8.5
Check: installed package size
Result: NOTE
     installed size is 5.1Mb
     sub-directories of 1Mb or more:
     libs 3.8Mb
Flavor: r-release-macos-arm64