Last updated on 2023-09-28 23:08:57 CEST.
Flavor | Version | Tinstall | Tcheck | Ttotal | Status | Flags |
---|---|---|---|---|---|---|
r-devel-linux-x86_64-debian-clang | 0.6.14 | 202.90 | 346.87 | 549.77 | NOTE | |
r-devel-linux-x86_64-debian-gcc | 0.6.14 | 154.82 | 330.82 | 485.64 | NOTE | |
r-devel-linux-x86_64-fedora-clang | 0.6.14 | 806.47 | NOTE | |||
r-devel-linux-x86_64-fedora-gcc | 0.6.14 | 732.57 | NOTE | |||
r-devel-windows-x86_64 | 0.6.14 | 14.00 | 403.00 | 417.00 | NOTE | |
r-patched-linux-x86_64 | 0.6.14 | 217.00 | 356.14 | 573.14 | NOTE | |
r-release-linux-x86_64 | 0.6.14 | 217.22 | 365.08 | 582.30 | NOTE | |
r-release-macos-arm64 | 0.6.14 | 117.00 | NOTE | |||
r-release-macos-x86_64 | 0.6.14 | 196.00 | NOTE | |||
r-release-windows-x86_64 | 0.6.14 | 16.00 | 493.00 | 509.00 | NOTE | |
r-oldrel-macos-arm64 | 0.6.14 | 110.00 | NOTE | |||
r-oldrel-macos-x86_64 | 0.6.14 | 147.00 | NOTE | |||
r-oldrel-windows-x86_64 | 0.6.14 | 17.00 | 492.00 | 509.00 | NOTE |
Version: 0.6.14
Check: C++ specification
Result: NOTE
Specified C++11: please drop specification unless essential
Flavors: r-devel-linux-x86_64-debian-clang, r-devel-linux-x86_64-debian-gcc, r-devel-linux-x86_64-fedora-clang, r-devel-linux-x86_64-fedora-gcc, r-patched-linux-x86_64, r-release-linux-x86_64, r-release-macos-arm64, r-release-macos-x86_64
Version: 0.6.14
Check: installed package size
Result: NOTE
installed size is 6.6Mb
sub-directories of 1Mb or more:
bin 5.8Mb
Flavors: r-devel-windows-x86_64, r-release-macos-arm64, r-release-macos-x86_64, r-release-windows-x86_64, r-oldrel-macos-arm64, r-oldrel-macos-x86_64, r-oldrel-windows-x86_64