Last updated on 2023-09-30 22:59:19 CEST.
Flavor | Version | Tinstall | Tcheck | Ttotal | Status | Flags |
---|---|---|---|---|---|---|
r-devel-linux-x86_64-debian-clang | 1.0.0 | 46.58 | 204.77 | 251.35 | NOTE | |
r-devel-linux-x86_64-debian-gcc | 1.0.0 | 32.93 | 151.27 | 184.20 | NOTE | |
r-devel-linux-x86_64-fedora-clang | 1.0.0 | 313.77 | NOTE | |||
r-devel-linux-x86_64-fedora-gcc | 1.0.0 | 310.69 | NOTE | |||
r-devel-windows-x86_64 | 1.0.0 | 39.00 | 157.00 | 196.00 | OK | |
r-patched-linux-x86_64 | 1.0.0 | 45.44 | 189.46 | 234.90 | NOTE | |
r-release-linux-x86_64 | 1.0.0 | 32.98 | 190.02 | 223.00 | NOTE | |
r-release-macos-arm64 | 1.0.0 | 82.00 | NOTE | |||
r-release-macos-x86_64 | 1.0.0 | 141.00 | NOTE | |||
r-release-windows-x86_64 | 1.0.0 | 56.00 | 203.00 | 259.00 | OK | |
r-oldrel-macos-arm64 | 1.0.0 | 75.00 | OK | |||
r-oldrel-macos-x86_64 | 1.0.0 | 128.00 | OK | |||
r-oldrel-windows-x86_64 | 1.0.0 | 50.00 | 204.00 | 254.00 | OK |
Version: 1.0.0
Check: C++ specification
Result: NOTE
Specified C++11: please drop specification unless essential
Flavors: r-devel-linux-x86_64-debian-clang, r-devel-linux-x86_64-debian-gcc, r-devel-linux-x86_64-fedora-clang, r-devel-linux-x86_64-fedora-gcc, r-patched-linux-x86_64, r-release-linux-x86_64, r-release-macos-arm64, r-release-macos-x86_64