CRAN Package Check Results for Package sass

Last updated on 2021-10-17 22:48:48 CEST.

Flavor Version Tinstall Tcheck Ttotal Status Flags
r-devel-linux-x86_64-debian-clang 0.4.0 218.16 44.91 263.07 NOTE
r-devel-linux-x86_64-debian-gcc 0.4.0 149.39 34.14 183.53 NOTE
r-devel-linux-x86_64-fedora-clang 0.4.0 470.09 NOTE
r-devel-linux-x86_64-fedora-gcc 0.4.0 339.03 NOTE
r-devel-windows-x86_64 0.4.0 298.00 77.00 375.00 NOTE
r-devel-windows-x86_64-gcc10-UCRT NOTE
r-patched-linux-x86_64 0.4.0 174.10 44.14 218.24 NOTE
r-patched-solaris-x86 0.4.0 371.90 NOTE
r-release-linux-x86_64 0.4.0 182.77 44.22 226.99 NOTE
r-release-macos-arm64 0.4.0 NOTE
r-release-macos-x86_64 0.4.0 NOTE
r-release-windows-ix86+x86_64 0.4.0 430.00 135.00 565.00 NOTE
r-oldrel-macos-x86_64 0.4.0 NOTE
r-oldrel-windows-ix86+x86_64 0.4.0 616.00 131.00 747.00 NOTE

Check Details

Version: 0.4.0
Check: for GNU extensions in Makefiles
Result: NOTE
    GNU make is a SystemRequirements.
Flavors: r-devel-linux-x86_64-debian-clang, r-devel-linux-x86_64-debian-gcc, r-devel-linux-x86_64-fedora-clang, r-devel-linux-x86_64-fedora-gcc, r-devel-windows-x86_64, r-devel-windows-x86_64-gcc10-UCRT, r-patched-linux-x86_64, r-patched-solaris-x86, r-release-linux-x86_64, r-release-macos-arm64, r-release-macos-x86_64, r-release-windows-ix86+x86_64, r-oldrel-macos-x86_64, r-oldrel-windows-ix86+x86_64

Version: 0.4.0
Check: installed package size
Result: NOTE
     installed size is 5.4Mb
     sub-directories of 1Mb or more:
     doc 1.7Mb
     libs 3.2Mb
Flavors: r-devel-linux-x86_64-fedora-clang, r-patched-solaris-x86, r-release-macos-arm64, r-release-macos-x86_64, r-release-windows-ix86+x86_64, r-oldrel-macos-x86_64, r-oldrel-windows-ix86+x86_64