CRAN Package Check Results for Package satellite

Last updated on 2021-07-22 22:52:17 CEST.

Flavor Version Tinstall Tcheck Ttotal Status Flags
r-devel-linux-x86_64-debian-clang 1.0.2 32.12 218.18 250.30 OK
r-devel-linux-x86_64-debian-gcc 1.0.2 26.20 173.26 199.46 OK
r-devel-linux-x86_64-fedora-clang 1.0.2 308.16 OK
r-devel-linux-x86_64-fedora-gcc 1.0.2 325.51 OK
r-devel-windows-x86_64 1.0.2 34.00 199.00 233.00 OK
r-devel-windows-x86_64-gcc10-UCRT 1.0.2 OK
r-patched-linux-x86_64 1.0.2 OK
r-patched-solaris-x86 1.0.2 376.90 OK
r-release-linux-x86_64 1.0.2 29.47 210.67 240.14 OK
r-release-macos-arm64 1.0.2 ERROR
r-release-macos-x86_64 1.0.2 OK
r-release-windows-ix86+x86_64 1.0.2 74.00 309.00 383.00 NOTE
r-oldrel-macos-x86_64 1.0.2 OK
r-oldrel-windows-ix86+x86_64 1.0.2 73.00 394.00 467.00 NOTE

Check Details

Version: 1.0.2
Check: package dependencies
Result: NOTE
    Package suggested but not available for checking: ‘rgdal’
Flavor: r-release-macos-arm64

Version: 1.0.2
Check: examples
Result: ERROR
    Running examples in ‘satellite-Ex.R’ failed
    The error most likely occurred in:
    
    > ### Name: alignGeometry
    > ### Title: Align raster geometry between two data sets
    > ### Aliases: alignGeometry alignGeometry,Satellite-method
    > ### alignGeometry,RasterStack-method alignGeometry,RasterLayer-method
    >
    > ### ** Examples
    >
    > path <- system.file("testdata/LC8", package = "satellite")
    > files <- list.files(path, pattern = glob2rx("LC8*.TIF"), full.names = TRUE)
    > sat <- satellite(files)
    Error in .rasterObjectFromFile(x, band = band, objecttype = "RasterLayer", :
     Cannot create RasterLayer object from this file; perhaps you need to install rgdal first
    Calls: satellite ... raster -> raster -> .local -> .rasterObjectFromFile
    Execution halted
Flavor: r-release-macos-arm64

Version: 1.0.2
Check: tests
Result: ERROR
     Running ‘testthat.R’ [5s/5s]
    Running the tests in ‘tests/testthat.R’ failed.
    Last 13 lines of output:
     Backtrace:
     █
     1. ├─satellite::satellite(files) test-satellite.R:86:2
     2. └─satellite::satellite(files)
     3. └─satellite:::.local(x, ...)
     4. └─base::lapply(...)
     5. └─satellite:::FUN(X[[i]], ...)
     6. ├─raster::raster(as.character(meta$FILE)[y])
     7. └─raster::raster(as.character(meta$FILE)[y])
     8. └─raster:::.local(x, ...)
     9. └─raster:::.rasterObjectFromFile(...)
    
     [ FAIL 23 | WARN 0 | SKIP 3 | PASS 64 ]
     Error: Test failures
     Execution halted
Flavor: r-release-macos-arm64

Version: 1.0.2
Check: re-building of vignette outputs
Result: WARN
    Error(s) in re-building vignettes:
     ...
    --- re-building ‘landsat-calibration.Rmd’ using rmarkdown
    Warning in engine$weave(file, quiet = quiet, encoding = enc) :
     Pandoc (>= 1.12.3) not available. Falling back to R Markdown v1.
    Quitting from lines 25-29 (landsat-calibration.Rmd)
    Error: processing vignette 'landsat-calibration.Rmd' failed with diagnostics:
    Cannot create RasterLayer object from this file; perhaps you need to install rgdal first
    --- failed re-building ‘landsat-calibration.Rmd’
    
    --- re-building ‘satellite.Rmd’ using rmarkdown
    Warning in engine$weave(file, quiet = quiet, encoding = enc) :
     Pandoc (>= 1.12.3) not available. Falling back to R Markdown v1.
    Quitting from lines 27-32 (satellite.Rmd)
    Error: processing vignette 'satellite.Rmd' failed with diagnostics:
    Cannot create RasterLayer object from this file; perhaps you need to install rgdal first
    --- failed re-building ‘satellite.Rmd’
    
    SUMMARY: processing the following files failed:
     ‘landsat-calibration.Rmd’ ‘satellite.Rmd’
    
    Error: Vignette re-building failed.
    Execution halted
Flavor: r-release-macos-arm64

Version: 1.0.2
Check: installed package size
Result: NOTE
     installed size is 5.5Mb
     sub-directories of 1Mb or more:
     R 1.5Mb
     extdata 1.3Mb
     libs 2.0Mb
Flavors: r-release-windows-ix86+x86_64, r-oldrel-windows-ix86+x86_64