CRAN Package Check Results for Package savonliquide

Last updated on 2023-10-01 23:03:57 CEST.

Flavor Version Tinstall Tcheck Ttotal Status Flags
r-devel-linux-x86_64-debian-clang 0.2.0 1.76 23.98 25.74 NOTE
r-devel-linux-x86_64-debian-gcc 0.2.0 1.95 18.62 20.57 NOTE
r-devel-linux-x86_64-fedora-clang 0.2.0 32.32 NOTE
r-devel-linux-x86_64-fedora-gcc 0.2.0 31.54 NOTE
r-devel-windows-x86_64 0.2.0 4.00 41.00 45.00 NOTE
r-patched-linux-x86_64 0.2.0 2.01 24.05 26.06 NOTE
r-release-linux-x86_64 0.2.0 2.01 23.25 25.26 NOTE
r-release-macos-arm64 0.2.0 19.00 NOTE
r-release-macos-x86_64 0.2.0 22.00 NOTE
r-release-windows-x86_64 0.2.0 6.00 41.00 47.00 NOTE
r-oldrel-macos-arm64 0.2.0 17.00 NOTE
r-oldrel-macos-x86_64 0.2.0 25.00 NOTE
r-oldrel-windows-x86_64 0.2.0 4.00 44.00 48.00 NOTE

Check Details

Version: 0.2.0
Check: LazyData
Result: NOTE
     'LazyData' is specified without a 'data' directory
Flavors: r-devel-linux-x86_64-debian-clang, r-devel-linux-x86_64-debian-gcc, r-devel-linux-x86_64-fedora-clang, r-devel-linux-x86_64-fedora-gcc, r-devel-windows-x86_64, r-patched-linux-x86_64, r-release-linux-x86_64, r-release-macos-arm64, r-release-macos-x86_64, r-release-windows-x86_64, r-oldrel-macos-arm64, r-oldrel-macos-x86_64, r-oldrel-windows-x86_64

Version: 0.2.0
Check: dependencies in R code
Result: NOTE
    Namespace in Imports field not imported from: ‘crayon’
     All declared Imports should be used.
Flavors: r-devel-linux-x86_64-fedora-clang, r-devel-linux-x86_64-fedora-gcc, r-oldrel-macos-arm64, r-oldrel-macos-x86_64