CRAN Package Check Results for Package savonliquide

Last updated on 2024-07-16 22:48:45 CEST.

Flavor Version Tinstall Tcheck Ttotal Status Flags
r-devel-linux-x86_64-debian-clang 0.2.0 2.40 25.00 27.40 NOTE
r-devel-linux-x86_64-debian-gcc 0.2.0 1.73 19.23 20.96 NOTE
r-devel-linux-x86_64-fedora-clang 0.2.0 34.06 NOTE
r-devel-linux-x86_64-fedora-gcc 0.2.0 32.48 NOTE
r-devel-windows-x86_64 0.2.0 3.00 42.00 45.00 NOTE
r-patched-linux-x86_64 0.2.0 2.25 23.75 26.00 NOTE
r-release-linux-x86_64 0.2.0 1.98 23.28 25.26 NOTE
r-release-macos-arm64 0.2.0 21.00 NOTE
r-release-macos-x86_64 0.2.0 25.00 NOTE
r-release-windows-x86_64 0.2.0 3.00 43.00 46.00 NOTE
r-oldrel-macos-arm64 0.2.0 19.00 NOTE
r-oldrel-macos-x86_64 0.2.0 22.00 NOTE
r-oldrel-windows-x86_64 0.2.0 4.00 44.00 48.00 NOTE

Check Details

Version: 0.2.0
Check: LazyData
Result: NOTE 'LazyData' is specified without a 'data' directory Flavors: r-devel-linux-x86_64-debian-clang, r-devel-linux-x86_64-debian-gcc, r-devel-linux-x86_64-fedora-clang, r-devel-linux-x86_64-fedora-gcc, r-devel-windows-x86_64, r-patched-linux-x86_64, r-release-linux-x86_64, r-release-macos-arm64, r-release-macos-x86_64, r-release-windows-x86_64, r-oldrel-macos-arm64, r-oldrel-macos-x86_64, r-oldrel-windows-x86_64

Version: 0.2.0
Check: dependencies in R code
Result: NOTE Namespace in Imports field not imported from: ‘crayon’ All declared Imports should be used. Flavors: r-devel-linux-x86_64-fedora-clang, r-devel-linux-x86_64-fedora-gcc