CRAN Package Check Results for Package sbfc

Last updated on 2019-07-20 22:48:12 CEST.

Flavor Version Tinstall Tcheck Ttotal Status Flags
r-devel-linux-x86_64-debian-clang 1.0.1 44.88 100.76 145.64 OK
r-devel-linux-x86_64-debian-gcc 1.0.1 38.23 81.25 119.48 OK
r-devel-linux-x86_64-fedora-clang 1.0.1 178.17 NOTE
r-devel-linux-x86_64-fedora-gcc 1.0.1 176.00 NOTE
r-devel-windows-ix86+x86_64 1.0.1 81.00 224.00 305.00 OK
r-patched-linux-x86_64 1.0.1 39.66 99.87 139.53 OK
r-patched-solaris-x86 1.0.1 268.90 OK
r-release-linux-x86_64 1.0.1 39.01 98.68 137.69 OK
r-release-windows-ix86+x86_64 1.0.1 67.00 154.00 221.00 OK
r-release-osx-x86_64 1.0.1 OK
r-oldrel-windows-ix86+x86_64 1.0.1 102.00 160.00 262.00 OK
r-oldrel-osx-x86_64 1.0.1 OK

Check Details

Version: 1.0.1
Check: compiled code
Result: NOTE
    File ‘sbfc/libs/sbfc.so’:
     Found no calls to: ‘R_registerRoutines’, ‘R_useDynamicSymbols’
    
    It is good practice to register native routines and to disable symbol
    search.
    
    See ‘Writing portable packages’ in the ‘Writing R Extensions’ manual.
Flavors: r-devel-linux-x86_64-fedora-clang, r-devel-linux-x86_64-fedora-gcc