CRAN Package Check Results for Package sbmSDP

Last updated on 2021-07-31 22:53:48 CEST.

Flavor Version Tinstall Tcheck Ttotal Status Flags
r-devel-linux-x86_64-debian-clang 0.2 33.42 34.05 67.47 OK
r-devel-linux-x86_64-debian-gcc 0.2 24.78 26.85 51.63 OK
r-devel-linux-x86_64-fedora-clang 0.2 99.09 NOTE
r-devel-linux-x86_64-fedora-gcc 0.2 86.43 NOTE
r-devel-windows-x86_64 0.2 31.00 58.00 89.00 OK
r-devel-windows-x86_64-gcc10-UCRT 0.2 OK
r-patched-linux-x86_64 0.2 OK
r-patched-solaris-x86 0.2 97.60 OK
r-release-linux-x86_64 0.2 25.61 33.32 58.93 OK
r-release-macos-arm64 0.2 OK
r-release-macos-x86_64 0.2 OK
r-release-windows-ix86+x86_64 0.2 79.00 66.00 145.00 OK
r-oldrel-macos-x86_64 0.2 OK
r-oldrel-windows-ix86+x86_64 0.2 59.00 83.00 142.00 OK

Check Details

Version: 0.2
Check: compiled code
Result: NOTE
    File ‘sbmSDP/libs/sbmSDP.so’:
     Found no calls to: ‘R_registerRoutines’, ‘R_useDynamicSymbols’
    
    It is good practice to register native routines and to disable symbol
    search.
    
    See ‘Writing portable packages’ in the ‘Writing R Extensions’ manual.
Flavors: r-devel-linux-x86_64-fedora-clang, r-devel-linux-x86_64-fedora-gcc