Last updated on 2024-03-27 22:57:58 CET.
Flavor | Version | Tinstall | Tcheck | Ttotal | Status | Flags |
---|---|---|---|---|---|---|
r-devel-linux-x86_64-debian-clang | 0.2 | 38.53 | 32.64 | 71.17 | OK | |
r-devel-linux-x86_64-debian-gcc | 0.2 | 24.72 | 25.88 | 50.60 | OK | |
r-devel-linux-x86_64-fedora-clang | 0.2 | 94.03 | NOTE | |||
r-devel-linux-x86_64-fedora-gcc | 0.2 | 97.88 | NOTE | |||
r-devel-windows-x86_64 | 0.2 | 27.00 | 63.00 | 90.00 | OK | |
r-patched-linux-x86_64 | 0.2 | 33.44 | 32.89 | 66.33 | OK | |
r-release-linux-x86_64 | 0.2 | 37.81 | 32.63 | 70.44 | OK | |
r-release-macos-arm64 | 0.2 | 29.00 | OK | |||
r-release-macos-x86_64 | 0.2 | 43.00 | OK | |||
r-release-windows-x86_64 | 0.2 | 37.00 | 70.00 | 107.00 | OK | |
r-oldrel-macos-arm64 | 0.2 | 31.00 | OK | |||
r-oldrel-windows-x86_64 | 0.2 | 34.00 | 78.00 | 112.00 | OK |
Version: 0.2
Check: compiled code
Result: NOTE
File ‘sbmSDP/libs/sbmSDP.so’:
Found no calls to: ‘R_registerRoutines’, ‘R_useDynamicSymbols’
It is good practice to register native routines and to disable symbol
search.
See ‘Writing portable packages’ in the ‘Writing R Extensions’ manual.
Flavors: r-devel-linux-x86_64-fedora-clang, r-devel-linux-x86_64-fedora-gcc