CRAN Package Check Results for Package sbw

Last updated on 2021-12-03 22:57:54 CET.

Flavor Version Tinstall Tcheck Ttotal Status Flags
r-devel-linux-x86_64-debian-clang 1.1.5 9.15 73.72 82.87 NOTE
r-devel-linux-x86_64-debian-gcc 1.1.5 8.37 56.87 65.24 NOTE
r-devel-linux-x86_64-fedora-clang 1.1.5 118.17 NOTE
r-devel-linux-x86_64-fedora-gcc 1.1.5 100.00 NOTE
r-devel-windows-x86_64-new-UL 1.1.5 16.00 107.00 123.00 NOTE
r-devel-windows-x86_64-new-TK 1.1.5 NOTE
r-devel-windows-x86_64-old 1.1.5 15.00 68.00 83.00 NOTE
r-patched-linux-x86_64 1.1.5 8.67 70.44 79.11 NOTE
r-release-linux-x86_64 1.1.5 10.51 70.28 80.79 NOTE
r-release-macos-arm64 1.1.5 NOTE
r-release-macos-x86_64 1.1.5 NOTE
r-release-windows-ix86+x86_64 1.1.5 21.00 99.00 120.00 NOTE
r-oldrel-macos-x86_64 1.1.5 NOTE
r-oldrel-windows-ix86+x86_64 1.1.5 21.00 92.00 113.00 NOTE

Check Details

Version: 1.1.5
Check: package dependencies
Result: NOTE
    Packages which this enhances but not available for checking:
     'gurobi', 'pogs'
Flavors: r-devel-linux-x86_64-debian-clang, r-devel-linux-x86_64-debian-gcc, r-patched-linux-x86_64, r-release-linux-x86_64

Version: 1.1.5
Check: package dependencies
Result: NOTE
    Packages which this enhances but not available for checking:
     'gurobi', 'Rcplex', 'pogs'
Flavors: r-devel-linux-x86_64-fedora-clang, r-devel-linux-x86_64-fedora-gcc, r-devel-windows-x86_64-new-UL, r-devel-windows-x86_64-new-TK, r-devel-windows-x86_64-old, r-release-macos-arm64, r-release-macos-x86_64, r-release-windows-ix86+x86_64, r-oldrel-macos-x86_64, r-oldrel-windows-ix86+x86_64