CRAN Package Check Results for Package scDHA

Last updated on 2022-07-03 22:50:44 CEST.

Flavor Version Tinstall Tcheck Ttotal Status Flags
r-devel-linux-x86_64-debian-clang 1.1.2 55.17 132.64 187.81 OK
r-devel-linux-x86_64-debian-gcc 1.1.2 49.09 98.05 147.14 OK
r-devel-linux-x86_64-fedora-clang 1.1.2 246.31 NOTE
r-devel-linux-x86_64-fedora-gcc 1.1.2 242.43 OK
r-devel-windows-x86_64 1.1.2 173.00 172.00 345.00 OK
r-patched-linux-x86_64 1.1.2 53.80 133.10 186.90 OK
r-release-linux-x86_64 1.1.2 53.94 126.52 180.46 OK
r-release-macos-arm64 1.1.2 73.00 NOTE
r-release-macos-x86_64 1.1.2 87.00 NOTE
r-release-windows-x86_64 1.1.2 57.00 173.00 230.00 OK
r-oldrel-macos-arm64 1.1.2 49.00 NOTE
r-oldrel-macos-x86_64 1.1.2 81.00 NOTE
r-oldrel-windows-ix86+x86_64 1.1.2 131.00 203.00 334.00 NOTE

Check Details

Version: 1.1.2
Check: installed package size
Result: NOTE
     installed size is 5.7Mb
     sub-directories of 1Mb or more:
     data 3.2Mb
     libs 2.1Mb
Flavors: r-devel-linux-x86_64-fedora-clang, r-release-macos-arm64, r-release-macos-x86_64, r-oldrel-macos-arm64, r-oldrel-macos-x86_64, r-oldrel-windows-ix86+x86_64