Last updated on 2024-03-27 22:57:59 CET.
Flavor | Version | Tinstall | Tcheck | Ttotal | Status | Flags |
---|---|---|---|---|---|---|
r-devel-linux-x86_64-debian-clang | 1.0.0 | 33.53 | 615.66 | 649.19 | OK | |
r-devel-linux-x86_64-debian-gcc | 1.0.0 | 32.86 | 1152.49 | 1185.35 | OK | |
r-devel-linux-x86_64-fedora-clang | 1.0.0 | 1182.29 | NOTE | |||
r-devel-linux-x86_64-fedora-gcc | 1.0.0 | 1204.07 | NOTE | |||
r-devel-windows-x86_64 | 1.0.0 | 30.00 | 463.00 | 493.00 | OK | |
r-patched-linux-x86_64 | 1.0.0 | 37.32 | 1456.36 | 1493.68 | OK | |
r-release-linux-x86_64 | 1.0.0 | 23.56 | 1418.04 | 1441.60 | OK | |
r-release-macos-arm64 | 1.0.0 | 234.00 | NOTE | |||
r-release-macos-x86_64 | 1.0.0 | 700.00 | NOTE | |||
r-release-windows-x86_64 | 1.0.0 | 44.00 | 595.00 | 639.00 | OK | |
r-oldrel-macos-arm64 | 1.0.0 | 222.00 | NOTE | |||
r-oldrel-windows-x86_64 | 1.0.0 | 42.00 | 563.00 | 605.00 | OK |
Version: 1.0.0
Check: package dependencies
Result: NOTE
Packages suggested but not available for checking:
'rrvgo', 'SingleCellSignalR'
Flavors: r-devel-linux-x86_64-fedora-clang, r-devel-linux-x86_64-fedora-gcc
Version: 1.0.0
Check: package dependencies
Result: NOTE
Packages suggested but not available for checking:
'ontoProc', 'rrvgo', 'SingleCellSignalR'
Flavors: r-release-macos-arm64, r-release-macos-x86_64
Version: 1.0.0
Check: package dependencies
Result: NOTE
Packages suggested but not available for checking: 'ontoProc', 'rrvgo'
Flavor: r-oldrel-macos-arm64