Last updated on 2023-09-30 22:59:19 CEST.
Flavor | Version | Tinstall | Tcheck | Ttotal | Status | Flags |
---|---|---|---|---|---|---|
r-devel-linux-x86_64-debian-clang | 0.1.0 | 35.31 | 358.05 | 393.36 | OK | |
r-devel-linux-x86_64-debian-gcc | 0.1.0 | 29.44 | 297.93 | 327.37 | OK | |
r-devel-linux-x86_64-fedora-clang | 0.1.0 | 458.63 | NOTE | |||
r-devel-linux-x86_64-fedora-gcc | 0.1.0 | 489.98 | NOTE | |||
r-devel-windows-x86_64 | 0.1.0 | 30.00 | 219.00 | 249.00 | OK | |
r-patched-linux-x86_64 | 0.1.0 | 22.39 | 232.24 | 254.63 | OK | |
r-release-linux-x86_64 | 0.1.0 | 22.72 | 327.50 | 350.22 | OK | |
r-release-macos-arm64 | 0.1.0 | 122.00 | NOTE | |||
r-release-macos-x86_64 | 0.1.0 | 224.00 | NOTE | |||
r-release-windows-x86_64 | 0.1.0 | 44.00 | 279.00 | 323.00 | OK | |
r-oldrel-macos-arm64 | 0.1.0 | 108.00 | NOTE | |||
r-oldrel-macos-x86_64 | 0.1.0 | 190.00 | NOTE | |||
r-oldrel-windows-x86_64 | 0.1.0 | 47.00 | 274.00 | 321.00 | OK |
Version: 0.1.0
Check: package dependencies
Result: NOTE
Package suggested but not available for checking: ‘SingleCellSignalR’
Flavors: r-devel-linux-x86_64-fedora-clang, r-devel-linux-x86_64-fedora-gcc
Version: 0.1.0
Check: dependencies in R code
Result: NOTE
Namespaces in Imports field not imported from:
‘future’ ‘utils’
All declared Imports should be used.
Flavors: r-devel-linux-x86_64-fedora-clang, r-devel-linux-x86_64-fedora-gcc, r-oldrel-macos-arm64, r-oldrel-macos-x86_64
Version: 0.1.0
Check: package dependencies
Result: NOTE
Packages suggested but not available for checking:
'ontoProc', 'SingleCellSignalR'
Flavors: r-release-macos-arm64, r-release-macos-x86_64
Version: 0.1.0
Check: package dependencies
Result: NOTE
Package suggested but not available for checking: ‘ontoProc’
Flavor: r-oldrel-macos-arm64