Last updated on 2024-04-17 23:00:09 CEST.
Flavor | Version | Tinstall | Tcheck | Ttotal | Status | Flags |
---|---|---|---|---|---|---|
r-devel-linux-x86_64-debian-clang | 0.1.4 | 67.67 | 41.52 | 109.19 | NOTE | |
r-devel-linux-x86_64-debian-gcc | 0.1.4 | 55.99 | 31.19 | 87.18 | NOTE | |
r-devel-linux-x86_64-fedora-clang | 0.1.4 | 147.30 | NOTE | |||
r-devel-linux-x86_64-fedora-gcc | 0.1.4 | 156.06 | NOTE | |||
r-prerel-macos-arm64 | 0.1.4 | 39.00 | NOTE | |||
r-prerel-windows-x86_64 | 0.1.4 | 52.00 | 70.00 | 122.00 | NOTE | |
r-patched-linux-x86_64 | 0.1.4 | 68.14 | 39.58 | 107.72 | NOTE | |
r-release-linux-x86_64 | 0.1.4 | 67.38 | 39.93 | 107.31 | NOTE | |
r-release-macos-arm64 | 0.1.4 | 41.00 | NOTE | |||
r-release-macos-x86_64 | 0.1.4 | 60.00 | NOTE | |||
r-release-windows-x86_64 | 0.1.4 | 70.00 | 77.00 | 147.00 | NOTE | |
r-oldrel-macos-arm64 | 0.1.4 | 37.00 | OK | |||
r-oldrel-windows-x86_64 | 0.1.4 | 64.00 | 81.00 | 145.00 | OK |
Version: 0.1.4
Check: C++ specification
Result: NOTE
Specified C++11: please drop specification unless essential
Flavors: r-devel-linux-x86_64-debian-clang, r-devel-linux-x86_64-debian-gcc, r-devel-linux-x86_64-fedora-clang, r-devel-linux-x86_64-fedora-gcc, r-prerel-macos-arm64, r-prerel-windows-x86_64, r-patched-linux-x86_64, r-release-linux-x86_64, r-release-macos-arm64, r-release-macos-x86_64, r-release-windows-x86_64