CRAN Package Check Results for Package scINSIGHT

Last updated on 2023-09-23 23:00:57 CEST.

Flavor Version Tinstall Tcheck Ttotal Status Flags
r-devel-linux-x86_64-debian-clang 0.1.4 69.72 40.53 110.25 NOTE
r-devel-linux-x86_64-debian-gcc 0.1.4 48.80 30.85 79.65 NOTE
r-devel-linux-x86_64-fedora-clang 0.1.4 150.97 NOTE
r-devel-linux-x86_64-fedora-gcc 0.1.4 155.12 NOTE
r-devel-windows-x86_64 0.1.4 54.00 70.00 124.00 NOTE
r-patched-linux-x86_64 0.1.4 70.25 38.59 108.84 NOTE
r-release-linux-x86_64 0.1.4 66.62 38.90 105.52 NOTE
r-release-macos-arm64 0.1.4 41.00 NOTE
r-release-macos-x86_64 0.1.4 60.00 NOTE
r-release-windows-x86_64 0.1.4 66.00 80.00 146.00 NOTE
r-oldrel-macos-arm64 0.1.4 37.00 OK
r-oldrel-macos-x86_64 0.1.4 45.00 OK
r-oldrel-windows-x86_64 0.1.4 63.00 79.00 142.00 OK

Check Details

Version: 0.1.4
Check: C++ specification
Result: NOTE
     Specified C++11: please drop specification unless essential
Flavors: r-devel-linux-x86_64-debian-clang, r-devel-linux-x86_64-debian-gcc, r-devel-linux-x86_64-fedora-clang, r-devel-linux-x86_64-fedora-gcc, r-devel-windows-x86_64, r-patched-linux-x86_64, r-release-linux-x86_64, r-release-macos-arm64, r-release-macos-x86_64, r-release-windows-x86_64