CRAN Package Check Results for Package scImmuneGraph

Last updated on 2022-09-30 22:53:46 CEST.

Flavor Version Tinstall Tcheck Ttotal Status Flags
r-devel-linux-x86_64-debian-clang 1.1.3 10.14 137.62 147.76 OK
r-devel-linux-x86_64-debian-gcc 1.1.3 8.14 95.88 104.02 OK
r-devel-linux-x86_64-fedora-clang 1.1.3 185.22 NOTE
r-devel-linux-x86_64-fedora-gcc 1.1.3 171.86 NOTE
r-devel-windows-x86_64 1.1.3 75.00 161.00 236.00 OK
r-patched-linux-x86_64 1.1.3 7.48 124.20 131.68 OK
r-release-linux-x86_64 1.1.3 6.31 124.49 130.80 OK
r-release-macos-arm64 1.1.3 79.00 NOTE
r-release-macos-x86_64 1.1.3 122.00 NOTE
r-release-windows-x86_64 1.1.3 51.00 164.00 215.00 OK
r-oldrel-macos-arm64 1.1.3 78.00 NOTE
r-oldrel-macos-x86_64 1.1.3 97.00 NOTE
r-oldrel-windows-ix86+x86_64 1.1.3 24.00 150.00 174.00 OK

Check Details

Version: 1.1.3
Check: dependencies in R code
Result: NOTE
    Namespaces in Imports field not imported from:
     ‘BiocStyle’ ‘cowplot’ ‘easypackages’ ‘plyr’ ‘readr’ ‘stringr’
     ‘tidyverse’
     All declared Imports should be used.
Flavors: r-devel-linux-x86_64-fedora-clang, r-devel-linux-x86_64-fedora-gcc, r-release-macos-arm64, r-release-macos-x86_64, r-oldrel-macos-arm64, r-oldrel-macos-x86_64