CRAN Package Check Results for Package scMappR

Last updated on 2021-06-15 01:50:37 CEST.

Flavor Version Tinstall Tcheck Ttotal Status Flags
r-devel-linux-x86_64-debian-clang 1.0.2 54.07 497.61 551.68 OK
r-devel-linux-x86_64-debian-gcc 1.0.2 43.55 382.71 426.26 OK
r-devel-linux-x86_64-fedora-clang 1.0.2 703.71 OK
r-devel-linux-x86_64-fedora-gcc 1.0.2 682.56 OK
r-devel-windows-x86_64 1.0.2 82.00 584.00 666.00 OK
r-devel-windows-x86_64-gcc10-UCRT 1.0.2 OK
r-patched-linux-x86_64 1.0.2 55.50 474.29 529.79 OK
r-patched-solaris-x86 1.0.2 1000.50 OK
r-release-linux-x86_64 1.0.2 49.51 480.06 529.57 OK
r-release-macos-arm64 1.0.2 ERROR
r-release-macos-x86_64 1.0.2 ERROR
r-release-windows-ix86+x86_64 1.0.2 129.00 587.00 716.00 OK
r-oldrel-macos-x86_64 1.0.2 ERROR
r-oldrel-windows-ix86+x86_64 1.0.2 112.00 487.00 599.00 OK

Check Details

Version: 1.0.2
Check: package dependencies
Result: ERROR
    Packages required but not available: 'GSVA', 'pcaMethods', 'ADAPTS'
    
    See section ‘The DESCRIPTION file’ in the ‘Writing R Extensions’
    manual.
Flavor: r-release-macos-arm64

Version: 1.0.2
Check: package dependencies
Result: ERROR
    Package required but not available: ‘ADAPTS’
    
    See section ‘The DESCRIPTION file’ in the ‘Writing R Extensions’
    manual.
Flavors: r-release-macos-x86_64, r-oldrel-macos-x86_64