CRAN Package Check Results for Package scRNAtools

Last updated on 2021-06-15 01:50:37 CEST.

Flavor Version Tinstall Tcheck Ttotal Status Flags
r-devel-linux-x86_64-debian-clang 1.0 17.83 163.26 181.09 NOTE
r-devel-linux-x86_64-debian-gcc 1.0 12.82 121.41 134.23 NOTE
r-devel-linux-x86_64-fedora-clang 1.0 223.84 NOTE
r-devel-linux-x86_64-fedora-gcc 1.0 205.20 NOTE
r-devel-windows-x86_64 1.0 28.00 192.00 220.00 OK
r-devel-windows-x86_64-gcc10-UCRT 1.0 OK
r-patched-linux-x86_64 1.0 16.35 154.33 170.68 NOTE
r-patched-solaris-x86 1.0 303.40 NOTE
r-release-linux-x86_64 1.0 16.57 153.77 170.34 NOTE
r-release-macos-arm64 1.0 ERROR
r-release-macos-x86_64 1.0 ERROR
r-release-windows-ix86+x86_64 1.0 41.00 188.00 229.00 OK
r-oldrel-macos-x86_64 1.0 ERROR
r-oldrel-windows-ix86+x86_64 1.0 48.00 199.00 247.00 OK

Check Details

Version: 1.0
Check: for non-standard things in the check directory
Result: NOTE
    Found the following files/directories:
     'untitled_consensus_cluster'
Flavors: r-devel-linux-x86_64-debian-clang, r-devel-linux-x86_64-debian-gcc, r-devel-linux-x86_64-fedora-clang, r-devel-linux-x86_64-fedora-gcc, r-patched-linux-x86_64, r-patched-solaris-x86, r-release-linux-x86_64

Version: 1.0
Check: package dependencies
Result: ERROR
    Packages required but not available: 'ALL', 'ConsensusClusterPlus', 'edgeR'
    
    See section ‘The DESCRIPTION file’ in the ‘Writing R Extensions’
    manual.
Flavor: r-release-macos-arm64

Version: 1.0
Check: package dependencies
Result: ERROR
    Packages required but not available: 'ALL', 'ConsensusClusterPlus'
    
    See section ‘The DESCRIPTION file’ in the ‘Writing R Extensions’
    manual.
Flavors: r-release-macos-x86_64, r-oldrel-macos-x86_64