CRAN Package Check Results for Package scUtils

Last updated on 2021-05-06 22:55:35 CEST.

Flavor Version Tinstall Tcheck Ttotal Status Flags
r-devel-linux-x86_64-debian-clang 0.1.0 4.52 55.21 59.73 NOTE
r-devel-linux-x86_64-debian-gcc 0.1.0 3.40 41.12 44.52 NOTE
r-devel-linux-x86_64-fedora-clang 0.1.0 81.50 NOTE
r-devel-linux-x86_64-fedora-gcc 0.1.0 74.80 NOTE
r-devel-windows-ix86+x86_64 0.1.0 12.00 71.00 83.00 NOTE
r-devel-windows-x86_64-gcc10-UCRT 0.1.0 NOTE
r-patched-linux-x86_64 0.1.0 4.45 51.23 55.68 NOTE
r-patched-solaris-x86 0.1.0 110.40 OK
r-release-linux-x86_64 0.1.0 3.86 51.20 55.06 OK
r-release-macos-x86_64 0.1.0 OK
r-release-windows-ix86+x86_64 0.1.0 9.00 58.00 67.00 OK
r-oldrel-macos-x86_64 0.1.0 OK
r-oldrel-windows-ix86+x86_64 0.1.0 10.00 70.00 80.00 OK

Check Details

Version: 0.1.0
Check: LazyData
Result: NOTE
     'LazyData' is specified without a 'data' directory
Flavors: r-devel-linux-x86_64-debian-clang, r-devel-linux-x86_64-debian-gcc, r-devel-linux-x86_64-fedora-clang, r-devel-linux-x86_64-fedora-gcc, r-devel-windows-ix86+x86_64, r-devel-windows-x86_64-gcc10-UCRT, r-patched-linux-x86_64