Last updated on 2022-08-07 22:54:11 CEST.
Flavor | Version | Tinstall | Tcheck | Ttotal | Status | Flags |
---|---|---|---|---|---|---|
r-devel-linux-x86_64-debian-clang | 0.2-6 | 3.91 | 38.33 | 42.24 | OK | |
r-devel-linux-x86_64-debian-gcc | 0.2-6 | 2.97 | 29.57 | 32.54 | OK | |
r-devel-linux-x86_64-fedora-clang | 0.2-6 | 60.61 | OK | |||
r-devel-linux-x86_64-fedora-gcc | 0.2-6 | 60.66 | OK | |||
r-devel-windows-x86_64 | 0.2-6 | 14.00 | 60.00 | 74.00 | OK | |
r-patched-linux-x86_64 | 0.2-6 | 2.64 | 37.33 | 39.97 | OK | |
r-release-linux-x86_64 | 0.2-6 | 3.94 | 0.03 | 3.97 | FAIL | |
r-release-macos-arm64 | 0.2-6 | 19.00 | OK | |||
r-release-macos-x86_64 | 0.2-6 | 28.00 | OK | |||
r-release-windows-x86_64 | 0.2-6 | 7.00 | 61.00 | 68.00 | OK | |
r-oldrel-macos-arm64 | 0.2-6 | 22.00 | OK | |||
r-oldrel-macos-x86_64 | 0.2-6 | 28.00 | OK | |||
r-oldrel-windows-ix86+x86_64 | 0.2-6 | 8.00 | 55.00 | 63.00 | OK |
Version: 0.2-6
Check: package dependencies
Result: FAIL
Flavor: r-release-linux-x86_64