CRAN Package Check Results for Package scagnostics

Last updated on 2021-11-28 22:51:27 CET.

Flavor Version Tinstall Tcheck Ttotal Status Flags
r-devel-linux-x86_64-debian-clang 0.2-4.1 NOTE
r-devel-linux-x86_64-debian-gcc 0.2-4.1 2.38 28.63 31.01 NOTE
r-devel-linux-x86_64-fedora-clang 0.2-4.1 55.95 NOTE
r-devel-linux-x86_64-fedora-gcc 0.2-4.1 46.50 NOTE
r-devel-windows-x86_64-new-UL 0.2-4.1 8.00 68.00 76.00 OK
r-devel-windows-x86_64-new-TK 0.2-4.1 OK
r-devel-windows-x86_64-old 0.2-4.1 6.00 42.00 48.00 OK
r-patched-linux-x86_64 0.2-4.1 3.01 33.96 36.97 NOTE
r-patched-solaris-x86 0.2-4.1 73.00 OK
r-release-linux-x86_64 0.2-4.1 2.48 33.89 36.37 NOTE
r-release-macos-arm64 0.2-4.1 OK
r-release-macos-x86_64 0.2-4.1 OK
r-release-windows-ix86+x86_64 0.2-4.1 8.00 41.00 49.00 OK
r-oldrel-macos-x86_64 0.2-4.1 OK
r-oldrel-windows-ix86+x86_64 0.2-4.1 7.00 56.00 63.00 OK

Check Details

Version: 0.2-4.1
Check: top-level files
Result: NOTE
    Non-standard file/directory found at top level:
     'src-java'
Flavors: r-devel-linux-x86_64-debian-clang, r-devel-linux-x86_64-debian-gcc, r-devel-linux-x86_64-fedora-clang, r-devel-linux-x86_64-fedora-gcc, r-patched-linux-x86_64, r-release-linux-x86_64