CRAN Package Check Results for Package scagnostics

Last updated on 2023-12-09 21:54:30 CET.

Flavor Version Tinstall Tcheck Ttotal Status Flags
r-devel-linux-x86_64-debian-clang 0.2-6 3.52 38.50 42.02 NOTE
r-devel-linux-x86_64-debian-gcc 0.2-6 2.82 29.58 32.40 NOTE
r-devel-linux-x86_64-fedora-clang 0.2-6 51.85 NOTE
r-devel-linux-x86_64-fedora-gcc 0.2-6 51.36 NOTE
r-devel-windows-x86_64 0.2-6 4.00 49.00 53.00 OK
r-patched-linux-x86_64 0.2-6 3.97 37.59 41.56 OK
r-release-linux-x86_64 0.2-6 3.81 38.27 42.08 OK
r-release-macos-arm64 0.2-6 21.00 OK
r-release-macos-x86_64 0.2-6 32.00 OK
r-release-windows-x86_64 0.2-6 4.00 51.00 55.00 OK
r-oldrel-macos-arm64 0.2-6 21.00 OK
r-oldrel-macos-x86_64 0.2-6 28.00 OK
r-oldrel-windows-x86_64 0.2-6 7.00 61.00 68.00 OK

Check Details

Version: 0.2-6
Check: DESCRIPTION meta-information
Result: NOTE License stub is invalid DCF. Flavors: r-devel-linux-x86_64-debian-clang, r-devel-linux-x86_64-debian-gcc, r-devel-linux-x86_64-fedora-clang, r-devel-linux-x86_64-fedora-gcc