CRAN Package Check Results for Package sccore

Last updated on 2024-06-13 22:49:44 CEST.

Flavor Version Tinstall Tcheck Ttotal Status Flags
r-devel-linux-x86_64-debian-clang 1.0.5 80.75 74.46 155.21 OK
r-devel-linux-x86_64-debian-gcc 1.0.5 0.44 1.74 2.18 ERROR
r-devel-windows-x86_64 1.0.5 59.00 98.00 157.00 OK
r-patched-linux-x86_64 1.0.5 61.52 72.64 134.16 OK
r-release-linux-x86_64 1.0.5 56.75 75.40 132.15 OK
r-release-macos-arm64 1.0.5 46.00 NOTE
r-release-macos-x86_64 1.0.5 66.00 NOTE
r-release-windows-x86_64 1.0.5 61.00 101.00 162.00 OK
r-oldrel-macos-arm64 1.0.5 50.00 NOTE
r-oldrel-macos-x86_64 1.0.5 88.00 NOTE
r-oldrel-windows-x86_64 1.0.5 72.00 121.00 193.00 OK

Check Details

Version: 1.0.5
Check: package dependencies
Result: ERROR Packages required but not available: 'dplyr', 'ggplot2', 'ggrepel', 'igraph', 'tibble' Packages suggested but not available for checking: 'ggrastr', 'testthat' See section ‘The DESCRIPTION file’ in the ‘Writing R Extensions’ manual. Flavor: r-devel-linux-x86_64-debian-gcc

Version: 1.0.5
Check: installed package size
Result: NOTE installed size is 5.6Mb sub-directories of 1Mb or more: libs 4.8Mb Flavors: r-release-macos-arm64, r-release-macos-x86_64, r-oldrel-macos-arm64, r-oldrel-macos-x86_64